{"text_format":"1","workbook":"xlsx","n_sheets":5,"sheets":["Instructions","Completed_Testing","In_Progress","Models_Not_Tested","Validlists"],"not_rendered":{"charts":0,"images":0,"macros":1,"external_links":0,"defined_names":23,"comments":1,"pivot_tables":0},"unopened":[],"bounds":{"document_bytes":16777216,"sheet_cells":100000,"rows_first":2000,"rows_last":500,"rows_between":2000,"halvings":0,"cell_chars":16384,"cell_head_chars":4096},"cells_cut":0,"cells_raw":0,"read":"whole","date_system":"1900"}

{"sheet":"Instructions","index":0,"n_rows":42,"n_cols":7,"rows_kept":42,"cut":false,"hidden":false,"merged":[[2,5,2,6],[3,5,3,6],[41,1,41,6],[38,1,39,1],[21,1,30,1],[4,1,4,6],[5,1,5,6],[6,1,6,6],[7,1,7,2],[7,3,7,4],[7,5,7,6],[10,1,11,3],[12,1,20,1],[10,4,10,6],[8,1,8,2],[8,3,8,4],[8,5,8,6],[31,1,37,1]]}
[]
[]
[null,null,null,null,null,"OMB Control No. 2060-0528"]
[null,null,null,null,null,"Expiration Date: 1/31/2022"]
[null,"How to Use the ENERGY STAR® Verification Testing Summary Report Template"]
[null,"The tables below provide data entry instructions for the Verification Testing Summary Report template. CBs are encouraged to review this information before entering data into the \"Completed_Testing\", \"In_Progress\", and \"Models_Not_Tested\" tabs. \n\nAbbreviations used in this template: CB: Certification Body; VT: Verification Testing\n\nFor questions, please contact certification@energystar.gov."]
[null,"General Instructions for the Report Template Workbook Tabs"]
[null,"Completed_Testing Tab",null,"In_Progress Tab",null,"Models_Not_Tested Tab"]
[null,"List verification testing information and outcomes for products that completed testing. ",null,"List verification testing information for products that have not completed testing, but have been selected, procured, or begun testing.",null,"List models that were selected (by EPA or CB) for verification testing but were not tested. "]
[]
[null,"Data Definitions",null,null," Column appears in:"]
[null,null,null,null,"Completed_Testing","In_Progress","Models_Not_Tested"]
[null,"MODEL INFORMATION","Product Specification","List the specification name of the ENERGY STAR product tested. NOTE: Required cells will be highlighted after the product specification has been selected.","X","X","X"]
[null,null,"Product Type","Product Type of this model. For example, an \"electric clothes dryer\" would be a product type of a Clothes Dryer.","X","X","X"]
[null,null,"ENERGY STAR Partner Name","List name of the ENERGY STAR partner exactly as it appears in MESA.","X","X","X"]
[null,null,"Brand Name","List the Brand Name exactly as it appears in MESA.","X","X","X"]
[null,null,"ENERGY STAR Model Identifier ","List the unique ENERGY STAR Model Identifier exactly as it appears in MESA.","X","X","X"]
[null,null,"Certified Model Name ","List Certified Model Name exactly as it appears in MESA.","X","X","X"]
[null,null,"Certified Model Number ","List Certified Model Number of the certification exactly as it appears in  MESA.","X","X","X"]
[null,null,"Tested Model Name","List the Tested Model Name of the model that underwent verification testing. Tested Model Name may be different from Certified Model Name.","X","X","X"]
[null,null,"Tested Model Number","List the Tested Model Number of the model that underwent verification testing. Tested Model Number may be different from Certified Model Number.","X","X","X"]
[null,"SELECTION AND PROCUREMENT","Procurement Status","Select drop-down option for where the model is in the procurement process. ",null,"X"]
[null,null,"VT Requirement Year","Year for which the test fulfills a CB's verification testing requirement (Format: YYYY).","X","X","X"]
[null,null,"Selection Method","Select drop-down option for how this model was selected for verification testing.\n\nIf this model was selected as an alternate to an EPA nomination, it should be entered as a \"Selected by CB\". \n\nIf a family model of an EPA-nomination was used instead of the original EPA-nomination, then select \"Alternate family model of EPA-nominated model\".","X","X","X"]
[null,null,"If selection method is \"Other\", provide explanation","If this model was not an EPA-nomination or selected by the CB, please explain how the model was selected.","X","X","X"]
[null,null,"Procurement Method","Select how the unit was procured using the options provided.","X","X"]
[null,null,"OPTIONAL: Date(s) unit was purchased and/or ordered","Provide the date(s) the unit(s) for testing were purchased or ordered for VT.",null,"X"]
[null,null,"If product was obtained \noff-the-line (from manufacturing facility) \nor other, provide reason.","Provide an explanation why the unit was not obtained by the options provided.","X","X"]
[null,null,"OPTIONAL: Date(s) unit arrived at laboratory","List the date or dates the unit(s) arrived at the laboratory for testing.","X","X"]
[null,null,"If product was obtained \noff-the-line (from manufacturing facility) \nor other, provide reason.","List the Certified Model Name of the model that was selected as a replace for testing. This model should also be listed in either the Completed Testing or In Progress tab. If this replacement was also not tested, then it should be in the Models Not Tested tab.",null,null,"X"]
[null,null,"Certified Model Number Selected as Replacement","List the Certified Model Number of the model that was selected as a replacement for testing. This model should also be listed in either the Completed Testing or In Progress tab. If this replacement was also not tested, then it should be in the Models Not Tested tab.",null,null,"X"]
[null,"TESTING INFORMATION","Lab Name that performed VT","List the name of the EPA-recognized laboratory that performed verification testing exactly as it appears in MESA.","X","X"]
[null,null,"Lab EPA-issued Org ID","List the name organization ID of the EPA-recognized laboratory that performed verification testing exactly as it appears in MESA.","X","X"]
[null,null,"Date(s) VT completed for:\n\nSingle unit, spot-check, or initial testing ","List the date(s) verification testing was completed for a single unit, spot-check, or initial testing.","X","X"]
[null,null,"Date(s) VT completed for:\n\nLifetime testing, or remaining samples of a multiple sample test","List the date(s) verification testing was completed for a lifetime test, or for remaining samples of a multiple sample test. Enter the projected testing completion date if testing is still underway and initial testing is completed.","X","X"]
[null,null,"LIGHTING PRODUCTS and FANS with LIGHTING ONLY:\n\nInitial or lifetime testing completed? List completion date(s) in columns S and T","List whether this unit completed initial or lifetime testing. Please include the completed date(s). If a lifetime test was completed in a pervious reporting period, it should be recorded in this report. Please ensure the correct \"Assigned Verification Testing Requirement Year\" is entered.","X","X"]
[null,null,"Reason Model Was Not Tested","If a model was not tested, please select the reason in this column. If EPA approved not testing a replacement, please select the \"No replacement needed (approved by EPA)\" option.",null,null,"X"]
[null,null,"If reason model was not tested is \"Other,\" provide explanation","If the given reasons do not apply, please provide an explanation in this column.",null,null,"X"]
[null,"RESULTS","Verification Test Result","List whether the test \"Passed\" or \"Failed\" verification testing. A test that failed for any reason should be listed as \"Failed\" in the Verification Testing Summary report.","X","X"]
[null,null,"If failed, date reported to EPA ","If a test failed verification testing, list the date it was reported to enforcement@energystar.gov. Please ensure all testing failures have been reported to EPA. ","X","X"]
[null,null,"Additional notes","Include any additional information that may assist identifying a test or other notes for EPA.\n\nFor example, if a required data entry was left blank for a reason, please provide an explanation. CBs also will sometimes add additional model information such as the base model that a Tested Model Number belongs to. ","X","X","X"]
[null,"This collection of information is approved by OMB under the Paperwork Reduction Act, 44 U.S.C. 3501 et seq. (OMB Control No. 2060-0528). Responses to this collection of information are voluntary (Section103(g) of the Clean Air Act). An agency may not conduct or sponsor, and a person is not required to respond to, a collection of information unless it displays a currently valid OMB control number. The public reporting and recordkeeping burden for this collection of information is estimated to be 20.5 hours per response. Send comments on the Agency’s need for this information, the accuracy of the provided burden estimates and any suggested methods for minimizing respondent burden to the Regulatory Support Division Director, U.S. Environmental Protection Agency (2821T), 1200 Pennsylvania Ave., NW, Washington, D.C. 20460. Include the OMB control number in any correspondence. Do not send the completed form to this address.\n\nForm No. 5900-251"]

{"sheet":"Completed_Testing","index":1,"n_rows":510,"n_cols":24,"rows_kept":510,"cut":false,"hidden":false,"merged":[[515,0,517,8],[8,21,8,22],[8,10,8,15],[8,16,8,20],[2,2,2,3],[4,1,4,7],[5,1,5,7],[7,1,7,7],[8,1,8,9]]}
[null,"ENERGY STAR® Verification Testing Summary Report - Completed Testing"]
[]
[null,"Name of CB:",null,null,null,null,"Verification Testing Period Covered:"]
[]
[null,{"$f":"\"This tab is for reporting models that completed testing during the \"&I3&J3&\" reporting period. If testing has not been completed but is in progress, please report the model on the In_Progress tab.\"","v":"This tab is for reporting models that completed testing during the  reporting period. If testing has not been completed but is in progress, please report the model on the In_Progress tab."}]
[null,"STARTING IN 2020: CBs should submit results of all lifetime testing completed within the testing period, regardless of the year the model was selected, in the \"Completed_Testing\" tab. It is important that the correct VT requirement year is reported in column K. For example, a model that was nominated in the 2019 VT requirement year and finished lifetime testing in 2020 should be reported as \"2019\" in column K."]
[]
[null,"Please note that upon selecting a product specification, all cells highlighted in yellow MUST be filled out OR you may provide a reason for the omission in the \"Additional Notes\" (column X)."]
[null,"MODEL INFORMATION",null,null,null,null,null,null,null,null,"SELECTION AND PROCUREMENT",null,null,null,null,null,"TESTING INFORMATION",null,null,null,null,"RESULTS"]
["Submission Number","Product Specification","Product Type","ENERGY STAR Manufacturing Partner","Brand Name","ENERGY STAR Model Identifier","Certified Model Name ","Certified Model Number ","Tested Model Name","Tested Model Number","VT Requirement Year","Selection Method","If selection method is \"Other\", provide explanation","Procurement Method","If product was obtained \noff-the-line (from manufacturing facility) \nor other, provide reason.","OPTIONAL: Date(s) unit arrived at laboratory","Lab Name that performed VT","Lab EPA-issued Org ID","Date(s) VT completed for:\n\nSingle unit, spot-check, or initial testing ","Date(s) VT completed for:\n\nLifetime testing, or remaining samples of a multiple sample test","LIGHTING PRODUCTS and FANS with LIGHTING ONLY:\n\nInitial or lifetime testing completed? List completion date(s) in columns S and T","Verification Test Result","If failed, date reported to EPA ","Additional notes"]
[1]
[2]
[3]
[4]
[5]
[6]
[7]
[8]
[9]
[10]
[11]
[12]
[13]
[14]
[15]
[16]
[17]
[18]
[19]
[20]
[21]
[22]
[23]
[24]
[25]
[26]
[27]
[28]
[29]
[30]
[31]
[32]
[33]
[34]
[35]
[36]
[37]
[38]
[39]
[40]
[41]
[42]
[43]
[44]
[45]
[46]
[47]
[48]
[49]
[50]
[51]
[52]
[53]
[54]
[55]
[56]
[57]
[58]
[59]
[60]
[61]
[62]
[63]
[64]
[65]
[66]
[67]
[68]
[69]
[70]
[71]
[72]
[73]
[74]
[75]
[76]
[77]
[78]
[79]
[80]
[81]
[82]
[83]
[84]
[85]
[86]
[87]
[88]
[89]
[90]
[91]
[92]
[93]
[94]
[95]
[96]
[97]
[98]
[99]
[100]
[101]
[102]
[103]
[104]
[105]
[106]
[107]
[108]
[109]
[110]
[111]
[112]
[113]
[114]
[115]
[116]
[117]
[118]
[119]
[120]
[121]
[122]
[123]
[124]
[125]
[126]
[127]
[128]
[129]
[130]
[131]
[132]
[133]
[134]
[135]
[136]
[137]
[138]
[139]
[140]
[141]
[142]
[143]
[144]
[145]
[146]
[147]
[148]
[149]
[150]
[151]
[152]
[153]
[154]
[155]
[156]
[157]
[158]
[159]
[160]
[161]
[162]
[163]
[164]
[165]
[166]
[167]
[168]
[169]
[170]
[171]
[172]
[173]
[174]
[175]
[176]
[177]
[178]
[179]
[180]
[181]
[182]
[183]
[184]
[185]
[186]
[187]
[188]
[189]
[190]
[191]
[192]
[193]
[194]
[195]
[196]
[197]
[198]
[199]
[200]
[201]
[202]
[203]
[204]
[205]
[206]
[207]
[208]
[209]
[210]
[211]
[212]
[213]
[214]
[215]
[216]
[217]
[218]
[219]
[220]
[221]
[222]
[223]
[224]
[225]
[226]
[227]
[228]
[229]
[230]
[231]
[232]
[233]
[234]
[235]
[236]
[237]
[238]
[239]
[240]
[241]
[242]
[243]
[244]
[245]
[246]
[247]
[248]
[249]
[250]
[251]
[252]
[253]
[254]
[255]
[256]
[257]
[258]
[259]
[260]
[261]
[262]
[263]
[264]
[265]
[266]
[267]
[268]
[269]
[270]
[271]
[272]
[273]
[274]
[275]
[276]
[277]
[278]
[279]
[280]
[281]
[282]
[283]
[284]
[285]
[286]
[287]
[288]
[289]
[290]
[291]
[292]
[293]
[294]
[295]
[296]
[297]
[298]
[299]
[300]
[301]
[302]
[303]
[304]
[305]
[306]
[307]
[308]
[309]
[310]
[311]
[312]
[313]
[314]
[315]
[316]
[317]
[318]
[319]
[320]
[321]
[322]
[323]
[324]
[325]
[326]
[327]
[328]
[329]
[330]
[331]
[332]
[333]
[334]
[335]
[336]
[337]
[338]
[339]
[340]
[341]
[342]
[343]
[344]
[345]
[346]
[347]
[348]
[349]
[350]
[351]
[352]
[353]
[354]
[355]
[356]
[357]
[358]
[359]
[360]
[361]
[362]
[363]
[364]
[365]
[366]
[367]
[368]
[369]
[370]
[371]
[372]
[373]
[374]
[375]
[376]
[377]
[378]
[379]
[380]
[381]
[382]
[383]
[384]
[385]
[386]
[387]
[388]
[389]
[390]
[391]
[392]
[393]
[394]
[395]
[396]
[397]
[398]
[399]
[400]
[401]
[402]
[403]
[404]
[405]
[406]
[407]
[408]
[409]
[410]
[411]
[412]
[413]
[414]
[415]
[416]
[417]
[418]
[419]
[420]
[421]
[422]
[423]
[424]
[425]
[426]
[427]
[428]
[429]
[430]
[431]
[432]
[433]
[434]
[435]
[436]
[437]
[438]
[439]
[440]
[441]
[442]
[443]
[444]
[445]
[446]
[447]
[448]
[449]
[450]
[451]
[452]
[453]
[454]
[455]
[456]
[457]
[458]
[459]
[460]
[461]
[462]
[463]
[464]
[465]
[466]
[467]
[468]
[469]
[470]
[471]
[472]
[473]
[474]
[475]
[476]
[477]
[478]
[479]
[480]
[481]
[482]
[483]
[484]
[485]
[486]
[487]
[488]
[489]
[490]
[491]
[492]
[493]
[494]
[495]
[496]
[497]
[498]
[499]
[500]

{"sheet":"In_Progress","index":2,"n_rows":508,"n_cols":26,"rows_kept":508,"cut":false,"hidden":false,"merged":[[6,23,6,24],[6,18,6,22],[6,10,6,17],[513,0,515,9],[2,2,2,3],[4,1,4,9],[0,1,0,9],[6,1,6,9]]}
[null,"ENERGY STAR® Verification Testing Summary Report - In Progress Tests"]
[]
[null,"Name of CB:",{"$f":"IF(ISBLANK(Completed_Testing!C3),\"\",Completed_Testing!C3)","v":""},null,null,null,"Verification Testing Period Covered:",null,{"$f":"IF(ISBLANK(Completed_Testing!I3),\"\",Completed_Testing!I3)","v":""},{"$f":"IF(ISBLANK(Completed_Testing!J3),\"\",Completed_Testing!J3)","v":""}]
[]
[null,{"$f":"\"This tab is for reporting models that have been procured or are in progress for verification testing as of the end of the \"&I3&J3&\" period. If testing has been completed, please report the model on the Completed_Testing tab.\"","v":"This tab is for reporting models that have been procured or are in progress for verification testing as of the end of the  period. If testing has been completed, please report the model on the Completed_Testing tab."}]
[null,"Please note upon selecting a product specification, all cells highlighted in yellow MUST be filled out OR you may provide a reason for the omission in the \"Additional Notes\" column (column Z)."]
[null,"Model Information",null,null,null,null,null,null,null,null,"Selection and Procurement",null,null,null,null,null,null,null,"Testing Information",null,null,null,null,"Results"]
["Submission Number","Product Specification","Product Type","ENERGY STAR Manufacturing Partner","Brand Name","ENERGY STAR Model Identifier","Certified Model Name ","Certified Model Number ","Tested Model Name","Tested Model Number","Procurement Status","Verification (VT) Testing Requirement Year","Selection Method","If method of selection is other, provide explanation","Procurement Method","If product was obtained \noff-the-line (from manufacturing facility) \nor other, provide reason","OPTIONAL: Date(s) unit was purchased and/or ordered","OPTIONAL: Date(s) unit arrived at laboratory","Lab Name that performed VT","Lab EPA-issued Org ID","Date(s) VT completed for:\n\nSingle unit, \nSpot-check, \nInitial Testing ","Date(s) VT completed for:\n\nLifetime testing, or remaining samples of a multiple sample test","FANS with LIGHTING and \nLIGHTING ONLY\n\nInitial or lifetime testing completed? \nList realized and projected completion date(s) in \ncolumns U and V.","Verification Testing Result","If failed, date reported to EPA (if passed, list 'NA')","Additional notes"]
[1,null,null,null,null,null,null,null,null,null,null,null,null,null,null,null,null,null,null,null,null,null,null,"TESTING IN PROGRESS","TESTING IN PROGRESS"]
[2,null,null,null,null,null,null,null,null,null,null,null,null,null,null,null,null,null,null,null,null,null,null,"TESTING IN PROGRESS","TESTING IN PROGRESS"]
[3,null,null,null,null,null,null,null,null,null,null,null,null,null,null,null,null,null,null,null,null,null,null,"TESTING IN PROGRESS","TESTING IN PROGRESS"]
[4,null,null,null,null,null,null,null,null,null,null,null,null,null,null,null,null,null,null,null,null,null,null,"TESTING IN PROGRESS","TESTING IN PROGRESS"]
[5,null,null,null,null,null,null,null,null,null,null,null,null,null,null,null,null,null,null,null,null,null,null,"TESTING IN PROGRESS","TESTING IN PROGRESS"]
[6,null,null,null,null,null,null,null,null,null,null,null,null,null,null,null,null,null,null,null,null,null,null,"TESTING IN PROGRESS","TESTING IN PROGRESS"]
[7,null,null,null,null,null,null,null,null,null,null,null,null,null,null,null,null,null,null,null,null,null,null,"TESTING IN PROGRESS","TESTING IN PROGRESS"]
[8,null,null,null,null,null,null,null,null,null,null,null,null,null,null,null,null,null,null,null,null,null,null,"TESTING IN PROGRESS","TESTING IN PROGRESS"]
[9,null,null,null,null,null,null,null,null,null,null,null,null,null,null,null,null,null,null,null,null,null,null,"TESTING IN PROGRESS","TESTING IN PROGRESS"]
[10,null,null,null,null,null,null,null,null,null,null,null,null,null,null,null,null,null,null,null,null,null,null,"TESTING IN PROGRESS","TESTING IN PROGRESS"]
[11,null,null,null,null,null,null,null,null,null,null,null,null,null,null,null,null,null,null,null,null,null,null,"TESTING IN PROGRESS","TESTING IN PROGRESS"]
[12,null,null,null,null,null,null,null,null,null,null,null,null,null,null,null,null,null,null,null,null,null,null,"TESTING IN PROGRESS","TESTING IN PROGRESS"]
[13,null,null,null,null,null,null,null,null,null,null,null,null,null,null,null,null,null,null,null,null,null,null,"TESTING IN PROGRESS","TESTING IN PROGRESS"]
[14,null,null,null,null,null,null,null,null,null,null,null,null,null,null,null,null,null,null,null,null,null,null,"TESTING IN PROGRESS","TESTING IN PROGRESS"]
[15,null,null,null,null,null,null,null,null,null,null,null,null,null,null,null,null,null,null,null,null,null,null,"TESTING IN PROGRESS","TESTING IN PROGRESS"]
[16,null,null,null,null,null,null,null,null,null,null,null,null,null,null,null,null,null,null,null,null,null,null,"TESTING IN PROGRESS","TESTING IN PROGRESS"]
[17,null,null,null,null,null,null,null,null,null,null,null,null,null,null,null,null,null,null,null,null,null,null,"TESTING IN PROGRESS","TESTING IN PROGRESS"]
[18,null,null,null,null,null,null,null,null,null,null,null,null,null,null,null,null,null,null,null,null,null,null,"TESTING IN PROGRESS","TESTING IN PROGRESS"]
[19,null,null,null,null,null,null,null,null,null,null,null,null,null,null,null,null,null,null,null,null,null,null,"TESTING IN PROGRESS","TESTING IN PROGRESS"]
[20,null,null,null,null,null,null,null,null,null,null,null,null,null,null,null,null,null,null,null,null,null,null,"TESTING IN PROGRESS","TESTING IN PROGRESS"]
[21,null,null,null,null,null,null,null,null,null,null,null,null,null,null,null,null,null,null,null,null,null,null,"TESTING IN PROGRESS","TESTING IN PROGRESS"]
[22,null,null,null,null,null,null,null,null,null,null,null,null,null,null,null,null,null,null,null,null,null,null,"TESTING IN PROGRESS","TESTING IN PROGRESS"]
[23,null,null,null,null,null,null,null,null,null,null,null,null,null,null,null,null,null,null,null,null,null,null,"TESTING IN PROGRESS","TESTING IN PROGRESS"]
[24,null,null,null,null,null,null,null,null,null,null,null,null,null,null,null,null,null,null,null,null,null,null,"TESTING IN PROGRESS","TESTING IN PROGRESS"]
[25,null,null,null,null,null,null,null,null,null,null,null,null,null,null,null,null,null,null,null,null,null,null,"TESTING IN PROGRESS","TESTING IN PROGRESS"]
[26,null,null,null,null,null,null,null,null,null,null,null,null,null,null,null,null,null,null,null,null,null,null,"TESTING IN PROGRESS","TESTING IN PROGRESS"]
[27,null,null,null,null,null,null,null,null,null,null,null,null,null,null,null,null,null,null,null,null,null,null,"TESTING IN PROGRESS","TESTING IN PROGRESS"]
[28,null,null,null,null,null,null,null,null,null,null,null,null,null,null,null,null,null,null,null,null,null,null,"TESTING IN PROGRESS","TESTING IN PROGRESS"]
[29,null,null,null,null,null,null,null,null,null,null,null,null,null,null,null,null,null,null,null,null,null,null,"TESTING IN PROGRESS","TESTING IN PROGRESS"]
[30,null,null,null,null,null,null,null,null,null,null,null,null,null,null,null,null,null,null,null,null,null,null,"TESTING IN PROGRESS","TESTING IN PROGRESS"]
[31,null,null,null,null,null,null,null,null,null,null,null,null,null,null,null,null,null,null,null,null,null,null,"TESTING IN PROGRESS","TESTING IN PROGRESS"]
[32,null,null,null,null,null,null,null,null,null,null,null,null,null,null,null,null,null,null,null,null,null,null,"TESTING IN PROGRESS","TESTING IN PROGRESS"]
[33,null,null,null,null,null,null,null,null,null,null,null,null,null,null,null,null,null,null,null,null,null,null,"TESTING IN PROGRESS","TESTING IN PROGRESS"]
[34,null,null,null,null,null,null,null,null,null,null,null,null,null,null,null,null,null,null,null,null,null,null,"TESTING IN PROGRESS","TESTING IN PROGRESS"]
[35,null,null,null,null,null,null,null,null,null,null,null,null,null,null,null,null,null,null,null,null,null,null,"TESTING IN PROGRESS","TESTING IN PROGRESS"]
[36,null,null,null,null,null,null,null,null,null,null,null,null,null,null,null,null,null,null,null,null,null,null,"TESTING IN PROGRESS","TESTING IN PROGRESS"]
[37,null,null,null,null,null,null,null,null,null,null,null,null,null,null,null,null,null,null,null,null,null,null,"TESTING IN PROGRESS","TESTING IN PROGRESS"]
[38,null,null,null,null,null,null,null,null,null,null,null,null,null,null,null,null,null,null,null,null,null,null,"TESTING IN PROGRESS","TESTING IN PROGRESS"]
[39,null,null,null,null,null,null,null,null,null,null,null,null,null,null,null,null,null,null,null,null,null,null,"TESTING IN PROGRESS","TESTING IN PROGRESS"]
[40,null,null,null,null,null,null,null,null,null,null,null,null,null,null,null,null,null,null,null,null,null,null,"TESTING IN PROGRESS","TESTING IN PROGRESS"]
[41,null,null,null,null,null,null,null,null,null,null,null,null,null,null,null,null,null,null,null,null,null,null,"TESTING IN PROGRESS","TESTING IN PROGRESS"]
[42,null,null,null,null,null,null,null,null,null,null,null,null,null,null,null,null,null,null,null,null,null,null,"TESTING IN PROGRESS","TESTING IN PROGRESS"]
[43,null,null,null,null,null,null,null,null,null,null,null,null,null,null,null,null,null,null,null,null,null,null,"TESTING IN PROGRESS","TESTING IN PROGRESS"]
[44,null,null,null,null,null,null,null,null,null,null,null,null,null,null,null,null,null,null,null,null,null,null,"TESTING IN PROGRESS","TESTING IN PROGRESS"]
[45,null,null,null,null,null,null,null,null,null,null,null,null,null,null,null,null,null,null,null,null,null,null,"TESTING IN PROGRESS","TESTING IN PROGRESS"]
[46,null,null,null,null,null,null,null,null,null,null,null,null,null,null,null,null,null,null,null,null,null,null,"TESTING IN PROGRESS","TESTING IN PROGRESS"]
[47,null,null,null,null,null,null,null,null,null,null,null,null,null,null,null,null,null,null,null,null,null,null,"TESTING IN PROGRESS","TESTING IN PROGRESS"]
[48,null,null,null,null,null,null,null,null,null,null,null,null,null,null,null,null,null,null,null,null,null,null,"TESTING IN PROGRESS","TESTING IN PROGRESS"]
[49,null,null,null,null,null,null,null,null,null,null,null,null,null,null,null,null,null,null,null,null,null,null,"TESTING IN PROGRESS","TESTING IN PROGRESS"]
[50,null,null,null,null,null,null,null,null,null,null,null,null,null,null,null,null,null,null,null,null,null,null,"TESTING IN PROGRESS","TESTING IN PROGRESS"]
[51,null,null,null,null,null,null,null,null,null,null,null,null,null,null,null,null,null,null,null,null,null,null,"TESTING IN PROGRESS","TESTING IN PROGRESS"]
[52,null,null,null,null,null,null,null,null,null,null,null,null,null,null,null,null,null,null,null,null,null,null,"TESTING IN PROGRESS","TESTING IN PROGRESS"]
[53,null,null,null,null,null,null,null,null,null,null,null,null,null,null,null,null,null,null,null,null,null,null,"TESTING IN PROGRESS","TESTING IN PROGRESS"]
[54,null,null,null,null,null,null,null,null,null,null,null,null,null,null,null,null,null,null,null,null,null,null,"TESTING IN PROGRESS","TESTING IN PROGRESS"]
[55,null,null,null,null,null,null,null,null,null,null,null,null,null,null,null,null,null,null,null,null,null,null,"TESTING IN PROGRESS","TESTING IN PROGRESS"]
[56,null,null,null,null,null,null,null,null,null,null,null,null,null,null,null,null,null,null,null,null,null,null,"TESTING IN PROGRESS","TESTING IN PROGRESS"]
[57,null,null,null,null,null,null,null,null,null,null,null,null,null,null,null,null,null,null,null,null,null,null,"TESTING IN PROGRESS","TESTING IN PROGRESS"]
[58,null,null,null,null,null,null,null,null,null,null,null,null,null,null,null,null,null,null,null,null,null,null,"TESTING IN PROGRESS","TESTING IN PROGRESS"]
[59,null,null,null,null,null,null,null,null,null,null,null,null,null,null,null,null,null,null,null,null,null,null,"TESTING IN PROGRESS","TESTING IN PROGRESS"]
[60,null,null,null,null,null,null,null,null,null,null,null,null,null,null,null,null,null,null,null,null,null,null,"TESTING IN PROGRESS","TESTING IN PROGRESS"]
[61,null,null,null,null,null,null,null,null,null,null,null,null,null,null,null,null,null,null,null,null,null,null,"TESTING IN PROGRESS","TESTING IN PROGRESS"]
[62,null,null,null,null,null,null,null,null,null,null,null,null,null,null,null,null,null,null,null,null,null,null,"TESTING IN PROGRESS","TESTING IN PROGRESS"]
[63,null,null,null,null,null,null,null,null,null,null,null,null,null,null,null,null,null,null,null,null,null,null,"TESTING IN PROGRESS","TESTING IN PROGRESS"]
[64,null,null,null,null,null,null,null,null,null,null,null,null,null,null,null,null,null,null,null,null,null,null,"TESTING IN PROGRESS","TESTING IN PROGRESS"]
[65,null,null,null,null,null,null,null,null,null,null,null,null,null,null,null,null,null,null,null,null,null,null,"TESTING IN PROGRESS","TESTING IN PROGRESS"]
[66,null,null,null,null,null,null,null,null,null,null,null,null,null,null,null,null,null,null,null,null,null,null,"TESTING IN PROGRESS","TESTING IN PROGRESS"]
[67,null,null,null,null,null,null,null,null,null,null,null,null,null,null,null,null,null,null,null,null,null,null,"TESTING IN PROGRESS","TESTING IN PROGRESS"]
[68,null,null,null,null,null,null,null,null,null,null,null,null,null,null,null,null,null,null,null,null,null,null,"TESTING IN PROGRESS","TESTING IN PROGRESS"]
[69,null,null,null,null,null,null,null,null,null,null,null,null,null,null,null,null,null,null,null,null,null,null,"TESTING IN PROGRESS","TESTING IN PROGRESS"]
[70,null,null,null,null,null,null,null,null,null,null,null,null,null,null,null,null,null,null,null,null,null,null,"TESTING IN PROGRESS","TESTING IN PROGRESS"]
[71,null,null,null,null,null,null,null,null,null,null,null,null,null,null,null,null,null,null,null,null,null,null,"TESTING IN PROGRESS","TESTING IN PROGRESS"]
[72,null,null,null,null,null,null,null,null,null,null,null,null,null,null,null,null,null,null,null,null,null,null,"TESTING IN PROGRESS","TESTING IN PROGRESS"]
[73,null,null,null,null,null,null,null,null,null,null,null,null,null,null,null,null,null,null,null,null,null,null,"TESTING IN PROGRESS","TESTING IN PROGRESS"]
[74,null,null,null,null,null,null,null,null,null,null,null,null,null,null,null,null,null,null,null,null,null,null,"TESTING IN PROGRESS","TESTING IN PROGRESS"]
[75,null,null,null,null,null,null,null,null,null,null,null,null,null,null,null,null,null,null,null,null,null,null,"TESTING IN PROGRESS","TESTING IN PROGRESS"]
[76,null,null,null,null,null,null,null,null,null,null,null,null,null,null,null,null,null,null,null,null,null,null,"TESTING IN PROGRESS","TESTING IN PROGRESS"]
[77,null,null,null,null,null,null,null,null,null,null,null,null,null,null,null,null,null,null,null,null,null,null,"TESTING IN PROGRESS","TESTING IN PROGRESS"]
[78,null,null,null,null,null,null,null,null,null,null,null,null,null,null,null,null,null,null,null,null,null,null,"TESTING IN PROGRESS","TESTING IN PROGRESS"]
[79,null,null,null,null,null,null,null,null,null,null,null,null,null,null,null,null,null,null,null,null,null,null,"TESTING IN PROGRESS","TESTING IN PROGRESS"]
[80,null,null,null,null,null,null,null,null,null,null,null,null,null,null,null,null,null,null,null,null,null,null,"TESTING IN PROGRESS","TESTING IN PROGRESS"]
[81,null,null,null,null,null,null,null,null,null,null,null,null,null,null,null,null,null,null,null,null,null,null,"TESTING IN PROGRESS","TESTING IN PROGRESS"]
[82,null,null,null,null,null,null,null,null,null,null,null,null,null,null,null,null,null,null,null,null,null,null,"TESTING IN PROGRESS","TESTING IN PROGRESS"]
[83,null,null,null,null,null,null,null,null,null,null,null,null,null,null,null,null,null,null,null,null,null,null,"TESTING IN PROGRESS","TESTING IN PROGRESS"]
[84,null,null,null,null,null,null,null,null,null,null,null,null,null,null,null,null,null,null,null,null,null,null,"TESTING IN PROGRESS","TESTING IN PROGRESS"]
[85,null,null,null,null,null,null,null,null,null,null,null,null,null,null,null,null,null,null,null,null,null,null,"TESTING IN PROGRESS","TESTING IN PROGRESS"]
[86,null,null,null,null,null,null,null,null,null,null,null,null,null,null,null,null,null,null,null,null,null,null,"TESTING IN PROGRESS","TESTING IN PROGRESS"]
[87,null,null,null,null,null,null,null,null,null,null,null,null,null,null,null,null,null,null,null,null,null,null,"TESTING IN PROGRESS","TESTING IN PROGRESS"]
[88,null,null,null,null,null,null,null,null,null,null,null,null,null,null,null,null,null,null,null,null,null,null,"TESTING IN PROGRESS","TESTING IN PROGRESS"]
[89,null,null,null,null,null,null,null,null,null,null,null,null,null,null,null,null,null,null,null,null,null,null,"TESTING IN PROGRESS","TESTING IN PROGRESS"]
[90,null,null,null,null,null,null,null,null,null,null,null,null,null,null,null,null,null,null,null,null,null,null,"TESTING IN PROGRESS","TESTING IN PROGRESS"]
[91,null,null,null,null,null,null,null,null,null,null,null,null,null,null,null,null,null,null,null,null,null,null,"TESTING IN PROGRESS","TESTING IN PROGRESS"]
[92,null,null,null,null,null,null,null,null,null,null,null,null,null,null,null,null,null,null,null,null,null,null,"TESTING IN PROGRESS","TESTING IN PROGRESS"]
[93,null,null,null,null,null,null,null,null,null,null,null,null,null,null,null,null,null,null,null,null,null,null,"TESTING IN PROGRESS","TESTING IN PROGRESS"]
[94,null,null,null,null,null,null,null,null,null,null,null,null,null,null,null,null,null,null,null,null,null,null,"TESTING IN PROGRESS","TESTING IN PROGRESS"]
[95,null,null,null,null,null,null,null,null,null,null,null,null,null,null,null,null,null,null,null,null,null,null,"TESTING IN PROGRESS","TESTING IN PROGRESS"]
[96,null,null,null,null,null,null,null,null,null,null,null,null,null,null,null,null,null,null,null,null,null,null,"TESTING IN PROGRESS","TESTING IN PROGRESS"]
[97,null,null,null,null,null,null,null,null,null,null,null,null,null,null,null,null,null,null,null,null,null,null,"TESTING IN PROGRESS","TESTING IN PROGRESS"]
[98,null,null,null,null,null,null,null,null,null,null,null,null,null,null,null,null,null,null,null,null,null,null,"TESTING IN PROGRESS","TESTING IN PROGRESS"]
[99,null,null,null,null,null,null,null,null,null,null,null,null,null,null,null,null,null,null,null,null,null,null,"TESTING IN PROGRESS","TESTING IN PROGRESS"]
[100,null,null,null,null,null,null,null,null,null,null,null,null,null,null,null,null,null,null,null,null,null,null,"TESTING IN PROGRESS","TESTING IN PROGRESS"]
[101,null,null,null,null,null,null,null,null,null,null,null,null,null,null,null,null,null,null,null,null,null,null,"TESTING IN PROGRESS","TESTING IN PROGRESS"]
[102,null,null,null,null,null,null,null,null,null,null,null,null,null,null,null,null,null,null,null,null,null,null,"TESTING IN PROGRESS","TESTING IN PROGRESS"]
[103,null,null,null,null,null,null,null,null,null,null,null,null,null,null,null,null,null,null,null,null,null,null,"TESTING IN PROGRESS","TESTING IN PROGRESS"]
[104,null,null,null,null,null,null,null,null,null,null,null,null,null,null,null,null,null,null,null,null,null,null,"TESTING IN PROGRESS","TESTING IN PROGRESS"]
[105,null,null,null,null,null,null,null,null,null,null,null,null,null,null,null,null,null,null,null,null,null,null,"TESTING IN PROGRESS","TESTING IN PROGRESS"]
[106,null,null,null,null,null,null,null,null,null,null,null,null,null,null,null,null,null,null,null,null,null,null,"TESTING IN PROGRESS","TESTING IN PROGRESS"]
[107,null,null,null,null,null,null,null,null,null,null,null,null,null,null,null,null,null,null,null,null,null,null,"TESTING IN PROGRESS","TESTING IN PROGRESS"]
[108,null,null,null,null,null,null,null,null,null,null,null,null,null,null,null,null,null,null,null,null,null,null,"TESTING IN PROGRESS","TESTING IN PROGRESS"]
[109,null,null,null,null,null,null,null,null,null,null,null,null,null,null,null,null,null,null,null,null,null,null,"TESTING IN PROGRESS","TESTING IN PROGRESS"]
[110,null,null,null,null,null,null,null,null,null,null,null,null,null,null,null,null,null,null,null,null,null,null,"TESTING IN PROGRESS","TESTING IN PROGRESS"]
[111,null,null,null,null,null,null,null,null,null,null,null,null,null,null,null,null,null,null,null,null,null,null,"TESTING IN PROGRESS","TESTING IN PROGRESS"]
[112,null,null,null,null,null,null,null,null,null,null,null,null,null,null,null,null,null,null,null,null,null,null,"TESTING IN PROGRESS","TESTING IN PROGRESS"]
[113,null,null,null,null,null,null,null,null,null,null,null,null,null,null,null,null,null,null,null,null,null,null,"TESTING IN PROGRESS","TESTING IN PROGRESS"]
[114,null,null,null,null,null,null,null,null,null,null,null,null,null,null,null,null,null,null,null,null,null,null,"TESTING IN PROGRESS","TESTING IN PROGRESS"]
[115,null,null,null,null,null,null,null,null,null,null,null,null,null,null,null,null,null,null,null,null,null,null,"TESTING IN PROGRESS","TESTING IN PROGRESS"]
[116,null,null,null,null,null,null,null,null,null,null,null,null,null,null,null,null,null,null,null,null,null,null,"TESTING IN PROGRESS","TESTING IN PROGRESS"]
[117,null,null,null,null,null,null,null,null,null,null,null,null,null,null,null,null,null,null,null,null,null,null,"TESTING IN PROGRESS","TESTING IN PROGRESS"]
[118,null,null,null,null,null,null,null,null,null,null,null,null,null,null,null,null,null,null,null,null,null,null,"TESTING IN PROGRESS","TESTING IN PROGRESS"]
[119,null,null,null,null,null,null,null,null,null,null,null,null,null,null,null,null,null,null,null,null,null,null,"TESTING IN PROGRESS","TESTING IN PROGRESS"]
[120,null,null,null,null,null,null,null,null,null,null,null,null,null,null,null,null,null,null,null,null,null,null,"TESTING IN PROGRESS","TESTING IN PROGRESS"]
[121,null,null,null,null,null,null,null,null,null,null,null,null,null,null,null,null,null,null,null,null,null,null,"TESTING IN PROGRESS","TESTING IN PROGRESS"]
[122,null,null,null,null,null,null,null,null,null,null,null,null,null,null,null,null,null,null,null,null,null,null,"TESTING IN PROGRESS","TESTING IN PROGRESS"]
[123,null,null,null,null,null,null,null,null,null,null,null,null,null,null,null,null,null,null,null,null,null,null,"TESTING IN PROGRESS","TESTING IN PROGRESS"]
[124,null,null,null,null,null,null,null,null,null,null,null,null,null,null,null,null,null,null,null,null,null,null,"TESTING IN PROGRESS","TESTING IN PROGRESS"]
[125,null,null,null,null,null,null,null,null,null,null,null,null,null,null,null,null,null,null,null,null,null,null,"TESTING IN PROGRESS","TESTING IN PROGRESS"]
[126,null,null,null,null,null,null,null,null,null,null,null,null,null,null,null,null,null,null,null,null,null,null,"TESTING IN PROGRESS","TESTING IN PROGRESS"]
[127,null,null,null,null,null,null,null,null,null,null,null,null,null,null,null,null,null,null,null,null,null,null,"TESTING IN PROGRESS","TESTING IN PROGRESS"]
[128,null,null,null,null,null,null,null,null,null,null,null,null,null,null,null,null,null,null,null,null,null,null,"TESTING IN PROGRESS","TESTING IN PROGRESS"]
[129,null,null,null,null,null,null,null,null,null,null,null,null,null,null,null,null,null,null,null,null,null,null,"TESTING IN PROGRESS","TESTING IN PROGRESS"]
[130,null,null,null,null,null,null,null,null,null,null,null,null,null,null,null,null,null,null,null,null,null,null,"TESTING IN PROGRESS","TESTING IN PROGRESS"]
[131,null,null,null,null,null,null,null,null,null,null,null,null,null,null,null,null,null,null,null,null,null,null,"TESTING IN PROGRESS","TESTING IN PROGRESS"]
[132,null,null,null,null,null,null,null,null,null,null,null,null,null,null,null,null,null,null,null,null,null,null,"TESTING IN PROGRESS","TESTING IN PROGRESS"]
[133,null,null,null,null,null,null,null,null,null,null,null,null,null,null,null,null,null,null,null,null,null,null,"TESTING IN PROGRESS","TESTING IN PROGRESS"]
[134,null,null,null,null,null,null,null,null,null,null,null,null,null,null,null,null,null,null,null,null,null,null,"TESTING IN PROGRESS","TESTING IN PROGRESS"]
[135,null,null,null,null,null,null,null,null,null,null,null,null,null,null,null,null,null,null,null,null,null,null,"TESTING IN PROGRESS","TESTING IN PROGRESS"]
[136,null,null,null,null,null,null,null,null,null,null,null,null,null,null,null,null,null,null,null,null,null,null,"TESTING IN PROGRESS","TESTING IN PROGRESS"]
[137,null,null,null,null,null,null,null,null,null,null,null,null,null,null,null,null,null,null,null,null,null,null,"TESTING IN PROGRESS","TESTING IN PROGRESS"]
[138,null,null,null,null,null,null,null,null,null,null,null,null,null,null,null,null,null,null,null,null,null,null,"TESTING IN PROGRESS","TESTING IN PROGRESS"]
[139,null,null,null,null,null,null,null,null,null,null,null,null,null,null,null,null,null,null,null,null,null,null,"TESTING IN PROGRESS","TESTING IN PROGRESS"]
[140,null,null,null,null,null,null,null,null,null,null,null,null,null,null,null,null,null,null,null,null,null,null,"TESTING IN PROGRESS","TESTING IN PROGRESS"]
[141,null,null,null,null,null,null,null,null,null,null,null,null,null,null,null,null,null,null,null,null,null,null,"TESTING IN PROGRESS","TESTING IN PROGRESS"]
[142,null,null,null,null,null,null,null,null,null,null,null,null,null,null,null,null,null,null,null,null,null,null,"TESTING IN PROGRESS","TESTING IN PROGRESS"]
[143,null,null,null,null,null,null,null,null,null,null,null,null,null,null,null,null,null,null,null,null,null,null,"TESTING IN PROGRESS","TESTING IN PROGRESS"]
[144,null,null,null,null,null,null,null,null,null,null,null,null,null,null,null,null,null,null,null,null,null,null,"TESTING IN PROGRESS","TESTING IN PROGRESS"]
[145,null,null,null,null,null,null,null,null,null,null,null,null,null,null,null,null,null,null,null,null,null,null,"TESTING IN PROGRESS","TESTING IN PROGRESS"]
[146,null,null,null,null,null,null,null,null,null,null,null,null,null,null,null,null,null,null,null,null,null,null,"TESTING IN PROGRESS","TESTING IN PROGRESS"]
[147,null,null,null,null,null,null,null,null,null,null,null,null,null,null,null,null,null,null,null,null,null,null,"TESTING IN PROGRESS","TESTING IN PROGRESS"]
[148,null,null,null,null,null,null,null,null,null,null,null,null,null,null,null,null,null,null,null,null,null,null,"TESTING IN PROGRESS","TESTING IN PROGRESS"]
[149,null,null,null,null,null,null,null,null,null,null,null,null,null,null,null,null,null,null,null,null,null,null,"TESTING IN PROGRESS","TESTING IN PROGRESS"]
[150,null,null,null,null,null,null,null,null,null,null,null,null,null,null,null,null,null,null,null,null,null,null,"TESTING IN PROGRESS","TESTING IN PROGRESS"]
[151,null,null,null,null,null,null,null,null,null,null,null,null,null,null,null,null,null,null,null,null,null,null,"TESTING IN PROGRESS","TESTING IN PROGRESS"]
[152,null,null,null,null,null,null,null,null,null,null,null,null,null,null,null,null,null,null,null,null,null,null,"TESTING IN PROGRESS","TESTING IN PROGRESS"]
[153,null,null,null,null,null,null,null,null,null,null,null,null,null,null,null,null,null,null,null,null,null,null,"TESTING IN PROGRESS","TESTING IN PROGRESS"]
[154,null,null,null,null,null,null,null,null,null,null,null,null,null,null,null,null,null,null,null,null,null,null,"TESTING IN PROGRESS","TESTING IN PROGRESS"]
[155,null,null,null,null,null,null,null,null,null,null,null,null,null,null,null,null,null,null,null,null,null,null,"TESTING IN PROGRESS","TESTING IN PROGRESS"]
[156,null,null,null,null,null,null,null,null,null,null,null,null,null,null,null,null,null,null,null,null,null,null,"TESTING IN PROGRESS","TESTING IN PROGRESS"]
[157,null,null,null,null,null,null,null,null,null,null,null,null,null,null,null,null,null,null,null,null,null,null,"TESTING IN PROGRESS","TESTING IN PROGRESS"]
[158,null,null,null,null,null,null,null,null,null,null,null,null,null,null,null,null,null,null,null,null,null,null,"TESTING IN PROGRESS","TESTING IN PROGRESS"]
[159,null,null,null,null,null,null,null,null,null,null,null,null,null,null,null,null,null,null,null,null,null,null,"TESTING IN PROGRESS","TESTING IN PROGRESS"]
[160,null,null,null,null,null,null,null,null,null,null,null,null,null,null,null,null,null,null,null,null,null,null,"TESTING IN PROGRESS","TESTING IN PROGRESS"]
[161,null,null,null,null,null,null,null,null,null,null,null,null,null,null,null,null,null,null,null,null,null,null,"TESTING IN PROGRESS","TESTING IN PROGRESS"]
[162,null,null,null,null,null,null,null,null,null,null,null,null,null,null,null,null,null,null,null,null,null,null,"TESTING IN PROGRESS","TESTING IN PROGRESS"]
[163,null,null,null,null,null,null,null,null,null,null,null,null,null,null,null,null,null,null,null,null,null,null,"TESTING IN PROGRESS","TESTING IN PROGRESS"]
[164,null,null,null,null,null,null,null,null,null,null,null,null,null,null,null,null,null,null,null,null,null,null,"TESTING IN PROGRESS","TESTING IN PROGRESS"]
[165,null,null,null,null,null,null,null,null,null,null,null,null,null,null,null,null,null,null,null,null,null,null,"TESTING IN PROGRESS","TESTING IN PROGRESS"]
[166,null,null,null,null,null,null,null,null,null,null,null,null,null,null,null,null,null,null,null,null,null,null,"TESTING IN PROGRESS","TESTING IN PROGRESS"]
[167,null,null,null,null,null,null,null,null,null,null,null,null,null,null,null,null,null,null,null,null,null,null,"TESTING IN PROGRESS","TESTING IN PROGRESS"]
[168,null,null,null,null,null,null,null,null,null,null,null,null,null,null,null,null,null,null,null,null,null,null,"TESTING IN PROGRESS","TESTING IN PROGRESS"]
[169,null,null,null,null,null,null,null,null,null,null,null,null,null,null,null,null,null,null,null,null,null,null,"TESTING IN PROGRESS","TESTING IN PROGRESS"]
[170,null,null,null,null,null,null,null,null,null,null,null,null,null,null,null,null,null,null,null,null,null,null,"TESTING IN PROGRESS","TESTING IN PROGRESS"]
[171,null,null,null,null,null,null,null,null,null,null,null,null,null,null,null,null,null,null,null,null,null,null,"TESTING IN PROGRESS","TESTING IN PROGRESS"]
[172,null,null,null,null,null,null,null,null,null,null,null,null,null,null,null,null,null,null,null,null,null,null,"TESTING IN PROGRESS","TESTING IN PROGRESS"]
[173,null,null,null,null,null,null,null,null,null,null,null,null,null,null,null,null,null,null,null,null,null,null,"TESTING IN PROGRESS","TESTING IN PROGRESS"]
[174,null,null,null,null,null,null,null,null,null,null,null,null,null,null,null,null,null,null,null,null,null,null,"TESTING IN PROGRESS","TESTING IN PROGRESS"]
[175,null,null,null,null,null,null,null,null,null,null,null,null,null,null,null,null,null,null,null,null,null,null,"TESTING IN PROGRESS","TESTING IN PROGRESS"]
[176,null,null,null,null,null,null,null,null,null,null,null,null,null,null,null,null,null,null,null,null,null,null,"TESTING IN PROGRESS","TESTING IN PROGRESS"]
[177,null,null,null,null,null,null,null,null,null,null,null,null,null,null,null,null,null,null,null,null,null,null,"TESTING IN PROGRESS","TESTING IN PROGRESS"]
[178,null,null,null,null,null,null,null,null,null,null,null,null,null,null,null,null,null,null,null,null,null,null,"TESTING IN PROGRESS","TESTING IN PROGRESS"]
[179,null,null,null,null,null,null,null,null,null,null,null,null,null,null,null,null,null,null,null,null,null,null,"TESTING IN PROGRESS","TESTING IN PROGRESS"]
[180,null,null,null,null,null,null,null,null,null,null,null,null,null,null,null,null,null,null,null,null,null,null,"TESTING IN PROGRESS","TESTING IN PROGRESS"]
[181,null,null,null,null,null,null,null,null,null,null,null,null,null,null,null,null,null,null,null,null,null,null,"TESTING IN PROGRESS","TESTING IN PROGRESS"]
[182,null,null,null,null,null,null,null,null,null,null,null,null,null,null,null,null,null,null,null,null,null,null,"TESTING IN PROGRESS","TESTING IN PROGRESS"]
[183,null,null,null,null,null,null,null,null,null,null,null,null,null,null,null,null,null,null,null,null,null,null,"TESTING IN PROGRESS","TESTING IN PROGRESS"]
[184,null,null,null,null,null,null,null,null,null,null,null,null,null,null,null,null,null,null,null,null,null,null,"TESTING IN PROGRESS","TESTING IN PROGRESS"]
[185,null,null,null,null,null,null,null,null,null,null,null,null,null,null,null,null,null,null,null,null,null,null,"TESTING IN PROGRESS","TESTING IN PROGRESS"]
[186,null,null,null,null,null,null,null,null,null,null,null,null,null,null,null,null,null,null,null,null,null,null,"TESTING IN PROGRESS","TESTING IN PROGRESS"]
[187,null,null,null,null,null,null,null,null,null,null,null,null,null,null,null,null,null,null,null,null,null,null,"TESTING IN PROGRESS","TESTING IN PROGRESS"]
[188,null,null,null,null,null,null,null,null,null,null,null,null,null,null,null,null,null,null,null,null,null,null,"TESTING IN PROGRESS","TESTING IN PROGRESS"]
[189,null,null,null,null,null,null,null,null,null,null,null,null,null,null,null,null,null,null,null,null,null,null,"TESTING IN PROGRESS","TESTING IN PROGRESS"]
[190,null,null,null,null,null,null,null,null,null,null,null,null,null,null,null,null,null,null,null,null,null,null,"TESTING IN PROGRESS","TESTING IN PROGRESS"]
[191,null,null,null,null,null,null,null,null,null,null,null,null,null,null,null,null,null,null,null,null,null,null,"TESTING IN PROGRESS","TESTING IN PROGRESS"]
[192,null,null,null,null,null,null,null,null,null,null,null,null,null,null,null,null,null,null,null,null,null,null,"TESTING IN PROGRESS","TESTING IN PROGRESS"]
[193,null,null,null,null,null,null,null,null,null,null,null,null,null,null,null,null,null,null,null,null,null,null,"TESTING IN PROGRESS","TESTING IN PROGRESS"]
[194,null,null,null,null,null,null,null,null,null,null,null,null,null,null,null,null,null,null,null,null,null,null,"TESTING IN PROGRESS","TESTING IN PROGRESS"]
[195,null,null,null,null,null,null,null,null,null,null,null,null,null,null,null,null,null,null,null,null,null,null,"TESTING IN PROGRESS","TESTING IN PROGRESS"]
[196,null,null,null,null,null,null,null,null,null,null,null,null,null,null,null,null,null,null,null,null,null,null,"TESTING IN PROGRESS","TESTING IN PROGRESS"]
[197,null,null,null,null,null,null,null,null,null,null,null,null,null,null,null,null,null,null,null,null,null,null,"TESTING IN PROGRESS","TESTING IN PROGRESS"]
[198,null,null,null,null,null,null,null,null,null,null,null,null,null,null,null,null,null,null,null,null,null,null,"TESTING IN PROGRESS","TESTING IN PROGRESS"]
[199,null,null,null,null,null,null,null,null,null,null,null,null,null,null,null,null,null,null,null,null,null,null,"TESTING IN PROGRESS","TESTING IN PROGRESS"]
[200,null,null,null,null,null,null,null,null,null,null,null,null,null,null,null,null,null,null,null,null,null,null,"TESTING IN PROGRESS","TESTING IN PROGRESS"]
[201,null,null,null,null,null,null,null,null,null,null,null,null,null,null,null,null,null,null,null,null,null,null,"TESTING IN PROGRESS","TESTING IN PROGRESS"]
[202,null,null,null,null,null,null,null,null,null,null,null,null,null,null,null,null,null,null,null,null,null,null,"TESTING IN PROGRESS","TESTING IN PROGRESS"]
[203,null,null,null,null,null,null,null,null,null,null,null,null,null,null,null,null,null,null,null,null,null,null,"TESTING IN PROGRESS","TESTING IN PROGRESS"]
[204,null,null,null,null,null,null,null,null,null,null,null,null,null,null,null,null,null,null,null,null,null,null,"TESTING IN PROGRESS","TESTING IN PROGRESS"]
[205,null,null,null,null,null,null,null,null,null,null,null,null,null,null,null,null,null,null,null,null,null,null,"TESTING IN PROGRESS","TESTING IN PROGRESS"]
[206,null,null,null,null,null,null,null,null,null,null,null,null,null,null,null,null,null,null,null,null,null,null,"TESTING IN PROGRESS","TESTING IN PROGRESS"]
[207,null,null,null,null,null,null,null,null,null,null,null,null,null,null,null,null,null,null,null,null,null,null,"TESTING IN PROGRESS","TESTING IN PROGRESS"]
[208,null,null,null,null,null,null,null,null,null,null,null,null,null,null,null,null,null,null,null,null,null,null,"TESTING IN PROGRESS","TESTING IN PROGRESS"]
[209,null,null,null,null,null,null,null,null,null,null,null,null,null,null,null,null,null,null,null,null,null,null,"TESTING IN PROGRESS","TESTING IN PROGRESS"]
[210,null,null,null,null,null,null,null,null,null,null,null,null,null,null,null,null,null,null,null,null,null,null,"TESTING IN PROGRESS","TESTING IN PROGRESS"]
[211,null,null,null,null,null,null,null,null,null,null,null,null,null,null,null,null,null,null,null,null,null,null,"TESTING IN PROGRESS","TESTING IN PROGRESS"]
[212,null,null,null,null,null,null,null,null,null,null,null,null,null,null,null,null,null,null,null,null,null,null,"TESTING IN PROGRESS","TESTING IN PROGRESS"]
[213,null,null,null,null,null,null,null,null,null,null,null,null,null,null,null,null,null,null,null,null,null,null,"TESTING IN PROGRESS","TESTING IN PROGRESS"]
[214,null,null,null,null,null,null,null,null,null,null,null,null,null,null,null,null,null,null,null,null,null,null,"TESTING IN PROGRESS","TESTING IN PROGRESS"]
[215,null,null,null,null,null,null,null,null,null,null,null,null,null,null,null,null,null,null,null,null,null,null,"TESTING IN PROGRESS","TESTING IN PROGRESS"]
[216,null,null,null,null,null,null,null,null,null,null,null,null,null,null,null,null,null,null,null,null,null,null,"TESTING IN PROGRESS","TESTING IN PROGRESS"]
[217,null,null,null,null,null,null,null,null,null,null,null,null,null,null,null,null,null,null,null,null,null,null,"TESTING IN PROGRESS","TESTING IN PROGRESS"]
[218,null,null,null,null,null,null,null,null,null,null,null,null,null,null,null,null,null,null,null,null,null,null,"TESTING IN PROGRESS","TESTING IN PROGRESS"]
[219,null,null,null,null,null,null,null,null,null,null,null,null,null,null,null,null,null,null,null,null,null,null,"TESTING IN PROGRESS","TESTING IN PROGRESS"]
[220,null,null,null,null,null,null,null,null,null,null,null,null,null,null,null,null,null,null,null,null,null,null,"TESTING IN PROGRESS","TESTING IN PROGRESS"]
[221,null,null,null,null,null,null,null,null,null,null,null,null,null,null,null,null,null,null,null,null,null,null,"TESTING IN PROGRESS","TESTING IN PROGRESS"]
[222,null,null,null,null,null,null,null,null,null,null,null,null,null,null,null,null,null,null,null,null,null,null,"TESTING IN PROGRESS","TESTING IN PROGRESS"]
[223,null,null,null,null,null,null,null,null,null,null,null,null,null,null,null,null,null,null,null,null,null,null,"TESTING IN PROGRESS","TESTING IN PROGRESS"]
[224,null,null,null,null,null,null,null,null,null,null,null,null,null,null,null,null,null,null,null,null,null,null,"TESTING IN PROGRESS","TESTING IN PROGRESS"]
[225,null,null,null,null,null,null,null,null,null,null,null,null,null,null,null,null,null,null,null,null,null,null,"TESTING IN PROGRESS","TESTING IN PROGRESS"]
[226,null,null,null,null,null,null,null,null,null,null,null,null,null,null,null,null,null,null,null,null,null,null,"TESTING IN PROGRESS","TESTING IN PROGRESS"]
[227,null,null,null,null,null,null,null,null,null,null,null,null,null,null,null,null,null,null,null,null,null,null,"TESTING IN PROGRESS","TESTING IN PROGRESS"]
[228,null,null,null,null,null,null,null,null,null,null,null,null,null,null,null,null,null,null,null,null,null,null,"TESTING IN PROGRESS","TESTING IN PROGRESS"]
[229,null,null,null,null,null,null,null,null,null,null,null,null,null,null,null,null,null,null,null,null,null,null,"TESTING IN PROGRESS","TESTING IN PROGRESS"]
[230,null,null,null,null,null,null,null,null,null,null,null,null,null,null,null,null,null,null,null,null,null,null,"TESTING IN PROGRESS","TESTING IN PROGRESS"]
[231,null,null,null,null,null,null,null,null,null,null,null,null,null,null,null,null,null,null,null,null,null,null,"TESTING IN PROGRESS","TESTING IN PROGRESS"]
[232,null,null,null,null,null,null,null,null,null,null,null,null,null,null,null,null,null,null,null,null,null,null,"TESTING IN PROGRESS","TESTING IN PROGRESS"]
[233,null,null,null,null,null,null,null,null,null,null,null,null,null,null,null,null,null,null,null,null,null,null,"TESTING IN PROGRESS","TESTING IN PROGRESS"]
[234,null,null,null,null,null,null,null,null,null,null,null,null,null,null,null,null,null,null,null,null,null,null,"TESTING IN PROGRESS","TESTING IN PROGRESS"]
[235,null,null,null,null,null,null,null,null,null,null,null,null,null,null,null,null,null,null,null,null,null,null,"TESTING IN PROGRESS","TESTING IN PROGRESS"]
[236,null,null,null,null,null,null,null,null,null,null,null,null,null,null,null,null,null,null,null,null,null,null,"TESTING IN PROGRESS","TESTING IN PROGRESS"]
[237,null,null,null,null,null,null,null,null,null,null,null,null,null,null,null,null,null,null,null,null,null,null,"TESTING IN PROGRESS","TESTING IN PROGRESS"]
[238,null,null,null,null,null,null,null,null,null,null,null,null,null,null,null,null,null,null,null,null,null,null,"TESTING IN PROGRESS","TESTING IN PROGRESS"]
[239,null,null,null,null,null,null,null,null,null,null,null,null,null,null,null,null,null,null,null,null,null,null,"TESTING IN PROGRESS","TESTING IN PROGRESS"]
[240,null,null,null,null,null,null,null,null,null,null,null,null,null,null,null,null,null,null,null,null,null,null,"TESTING IN PROGRESS","TESTING IN PROGRESS"]
[241,null,null,null,null,null,null,null,null,null,null,null,null,null,null,null,null,null,null,null,null,null,null,"TESTING IN PROGRESS","TESTING IN PROGRESS"]
[242,null,null,null,null,null,null,null,null,null,null,null,null,null,null,null,null,null,null,null,null,null,null,"TESTING IN PROGRESS","TESTING IN PROGRESS"]
[243,null,null,null,null,null,null,null,null,null,null,null,null,null,null,null,null,null,null,null,null,null,null,"TESTING IN PROGRESS","TESTING IN PROGRESS"]
[244,null,null,null,null,null,null,null,null,null,null,null,null,null,null,null,null,null,null,null,null,null,null,"TESTING IN PROGRESS","TESTING IN PROGRESS"]
[245,null,null,null,null,null,null,null,null,null,null,null,null,null,null,null,null,null,null,null,null,null,null,"TESTING IN PROGRESS","TESTING IN PROGRESS"]
[246,null,null,null,null,null,null,null,null,null,null,null,null,null,null,null,null,null,null,null,null,null,null,"TESTING IN PROGRESS","TESTING IN PROGRESS"]
[247,null,null,null,null,null,null,null,null,null,null,null,null,null,null,null,null,null,null,null,null,null,null,"TESTING IN PROGRESS","TESTING IN PROGRESS"]
[248,null,null,null,null,null,null,null,null,null,null,null,null,null,null,null,null,null,null,null,null,null,null,"TESTING IN PROGRESS","TESTING IN PROGRESS"]
[249,null,null,null,null,null,null,null,null,null,null,null,null,null,null,null,null,null,null,null,null,null,null,"TESTING IN PROGRESS","TESTING IN PROGRESS"]
[250,null,null,null,null,null,null,null,null,null,null,null,null,null,null,null,null,null,null,null,null,null,null,"TESTING IN PROGRESS","TESTING IN PROGRESS"]
[251,null,null,null,null,null,null,null,null,null,null,null,null,null,null,null,null,null,null,null,null,null,null,"TESTING IN PROGRESS","TESTING IN PROGRESS"]
[252,null,null,null,null,null,null,null,null,null,null,null,null,null,null,null,null,null,null,null,null,null,null,"TESTING IN PROGRESS","TESTING IN PROGRESS"]
[253,null,null,null,null,null,null,null,null,null,null,null,null,null,null,null,null,null,null,null,null,null,null,"TESTING IN PROGRESS","TESTING IN PROGRESS"]
[254,null,null,null,null,null,null,null,null,null,null,null,null,null,null,null,null,null,null,null,null,null,null,"TESTING IN PROGRESS","TESTING IN PROGRESS"]
[255,null,null,null,null,null,null,null,null,null,null,null,null,null,null,null,null,null,null,null,null,null,null,"TESTING IN PROGRESS","TESTING IN PROGRESS"]
[256,null,null,null,null,null,null,null,null,null,null,null,null,null,null,null,null,null,null,null,null,null,null,"TESTING IN PROGRESS","TESTING IN PROGRESS"]
[257,null,null,null,null,null,null,null,null,null,null,null,null,null,null,null,null,null,null,null,null,null,null,"TESTING IN PROGRESS","TESTING IN PROGRESS"]
[258,null,null,null,null,null,null,null,null,null,null,null,null,null,null,null,null,null,null,null,null,null,null,"TESTING IN PROGRESS","TESTING IN PROGRESS"]
[259,null,null,null,null,null,null,null,null,null,null,null,null,null,null,null,null,null,null,null,null,null,null,"TESTING IN PROGRESS","TESTING IN PROGRESS"]
[260,null,null,null,null,null,null,null,null,null,null,null,null,null,null,null,null,null,null,null,null,null,null,"TESTING IN PROGRESS","TESTING IN PROGRESS"]
[261,null,null,null,null,null,null,null,null,null,null,null,null,null,null,null,null,null,null,null,null,null,null,"TESTING IN PROGRESS","TESTING IN PROGRESS"]
[262,null,null,null,null,null,null,null,null,null,null,null,null,null,null,null,null,null,null,null,null,null,null,"TESTING IN PROGRESS","TESTING IN PROGRESS"]
[263,null,null,null,null,null,null,null,null,null,null,null,null,null,null,null,null,null,null,null,null,null,null,"TESTING IN PROGRESS","TESTING IN PROGRESS"]
[264,null,null,null,null,null,null,null,null,null,null,null,null,null,null,null,null,null,null,null,null,null,null,"TESTING IN PROGRESS","TESTING IN PROGRESS"]
[265,null,null,null,null,null,null,null,null,null,null,null,null,null,null,null,null,null,null,null,null,null,null,"TESTING IN PROGRESS","TESTING IN PROGRESS"]
[266,null,null,null,null,null,null,null,null,null,null,null,null,null,null,null,null,null,null,null,null,null,null,"TESTING IN PROGRESS","TESTING IN PROGRESS"]
[267,null,null,null,null,null,null,null,null,null,null,null,null,null,null,null,null,null,null,null,null,null,null,"TESTING IN PROGRESS","TESTING IN PROGRESS"]
[268,null,null,null,null,null,null,null,null,null,null,null,null,null,null,null,null,null,null,null,null,null,null,"TESTING IN PROGRESS","TESTING IN PROGRESS"]
[269,null,null,null,null,null,null,null,null,null,null,null,null,null,null,null,null,null,null,null,null,null,null,"TESTING IN PROGRESS","TESTING IN PROGRESS"]
[270,null,null,null,null,null,null,null,null,null,null,null,null,null,null,null,null,null,null,null,null,null,null,"TESTING IN PROGRESS","TESTING IN PROGRESS"]
[271,null,null,null,null,null,null,null,null,null,null,null,null,null,null,null,null,null,null,null,null,null,null,"TESTING IN PROGRESS","TESTING IN PROGRESS"]
[272,null,null,null,null,null,null,null,null,null,null,null,null,null,null,null,null,null,null,null,null,null,null,"TESTING IN PROGRESS","TESTING IN PROGRESS"]
[273,null,null,null,null,null,null,null,null,null,null,null,null,null,null,null,null,null,null,null,null,null,null,"TESTING IN PROGRESS","TESTING IN PROGRESS"]
[274,null,null,null,null,null,null,null,null,null,null,null,null,null,null,null,null,null,null,null,null,null,null,"TESTING IN PROGRESS","TESTING IN PROGRESS"]
[275,null,null,null,null,null,null,null,null,null,null,null,null,null,null,null,null,null,null,null,null,null,null,"TESTING IN PROGRESS","TESTING IN PROGRESS"]
[276,null,null,null,null,null,null,null,null,null,null,null,null,null,null,null,null,null,null,null,null,null,null,"TESTING IN PROGRESS","TESTING IN PROGRESS"]
[277,null,null,null,null,null,null,null,null,null,null,null,null,null,null,null,null,null,null,null,null,null,null,"TESTING IN PROGRESS","TESTING IN PROGRESS"]
[278,null,null,null,null,null,null,null,null,null,null,null,null,null,null,null,null,null,null,null,null,null,null,"TESTING IN PROGRESS","TESTING IN PROGRESS"]
[279,null,null,null,null,null,null,null,null,null,null,null,null,null,null,null,null,null,null,null,null,null,null,"TESTING IN PROGRESS","TESTING IN PROGRESS"]
[280,null,null,null,null,null,null,null,null,null,null,null,null,null,null,null,null,null,null,null,null,null,null,"TESTING IN PROGRESS","TESTING IN PROGRESS"]
[281,null,null,null,null,null,null,null,null,null,null,null,null,null,null,null,null,null,null,null,null,null,null,"TESTING IN PROGRESS","TESTING IN PROGRESS"]
[282,null,null,null,null,null,null,null,null,null,null,null,null,null,null,null,null,null,null,null,null,null,null,"TESTING IN PROGRESS","TESTING IN PROGRESS"]
[283,null,null,null,null,null,null,null,null,null,null,null,null,null,null,null,null,null,null,null,null,null,null,"TESTING IN PROGRESS","TESTING IN PROGRESS"]
[284,null,null,null,null,null,null,null,null,null,null,null,null,null,null,null,null,null,null,null,null,null,null,"TESTING IN PROGRESS","TESTING IN PROGRESS"]
[285,null,null,null,null,null,null,null,null,null,null,null,null,null,null,null,null,null,null,null,null,null,null,"TESTING IN PROGRESS","TESTING IN PROGRESS"]
[286,null,null,null,null,null,null,null,null,null,null,null,null,null,null,null,null,null,null,null,null,null,null,"TESTING IN PROGRESS","TESTING IN PROGRESS"]
[287,null,null,null,null,null,null,null,null,null,null,null,null,null,null,null,null,null,null,null,null,null,null,"TESTING IN PROGRESS","TESTING IN PROGRESS"]
[288,null,null,null,null,null,null,null,null,null,null,null,null,null,null,null,null,null,null,null,null,null,null,"TESTING IN PROGRESS","TESTING IN PROGRESS"]
[289,null,null,null,null,null,null,null,null,null,null,null,null,null,null,null,null,null,null,null,null,null,null,"TESTING IN PROGRESS","TESTING IN PROGRESS"]
[290,null,null,null,null,null,null,null,null,null,null,null,null,null,null,null,null,null,null,null,null,null,null,"TESTING IN PROGRESS","TESTING IN PROGRESS"]
[291,null,null,null,null,null,null,null,null,null,null,null,null,null,null,null,null,null,null,null,null,null,null,"TESTING IN PROGRESS","TESTING IN PROGRESS"]
[292,null,null,null,null,null,null,null,null,null,null,null,null,null,null,null,null,null,null,null,null,null,null,"TESTING IN PROGRESS","TESTING IN PROGRESS"]
[293,null,null,null,null,null,null,null,null,null,null,null,null,null,null,null,null,null,null,null,null,null,null,"TESTING IN PROGRESS","TESTING IN PROGRESS"]
[294,null,null,null,null,null,null,null,null,null,null,null,null,null,null,null,null,null,null,null,null,null,null,"TESTING IN PROGRESS","TESTING IN PROGRESS"]
[295,null,null,null,null,null,null,null,null,null,null,null,null,null,null,null,null,null,null,null,null,null,null,"TESTING IN PROGRESS","TESTING IN PROGRESS"]
[296,null,null,null,null,null,null,null,null,null,null,null,null,null,null,null,null,null,null,null,null,null,null,"TESTING IN PROGRESS","TESTING IN PROGRESS"]
[297,null,null,null,null,null,null,null,null,null,null,null,null,null,null,null,null,null,null,null,null,null,null,"TESTING IN PROGRESS","TESTING IN PROGRESS"]
[298,null,null,null,null,null,null,null,null,null,null,null,null,null,null,null,null,null,null,null,null,null,null,"TESTING IN PROGRESS","TESTING IN PROGRESS"]
[299,null,null,null,null,null,null,null,null,null,null,null,null,null,null,null,null,null,null,null,null,null,null,"TESTING IN PROGRESS","TESTING IN PROGRESS"]
[300,null,null,null,null,null,null,null,null,null,null,null,null,null,null,null,null,null,null,null,null,null,null,"TESTING IN PROGRESS","TESTING IN PROGRESS"]
[301,null,null,null,null,null,null,null,null,null,null,null,null,null,null,null,null,null,null,null,null,null,null,"TESTING IN PROGRESS","TESTING IN PROGRESS"]
[302,null,null,null,null,null,null,null,null,null,null,null,null,null,null,null,null,null,null,null,null,null,null,"TESTING IN PROGRESS","TESTING IN PROGRESS"]
[303,null,null,null,null,null,null,null,null,null,null,null,null,null,null,null,null,null,null,null,null,null,null,"TESTING IN PROGRESS","TESTING IN PROGRESS"]
[304,null,null,null,null,null,null,null,null,null,null,null,null,null,null,null,null,null,null,null,null,null,null,"TESTING IN PROGRESS","TESTING IN PROGRESS"]
[305,null,null,null,null,null,null,null,null,null,null,null,null,null,null,null,null,null,null,null,null,null,null,"TESTING IN PROGRESS","TESTING IN PROGRESS"]
[306,null,null,null,null,null,null,null,null,null,null,null,null,null,null,null,null,null,null,null,null,null,null,"TESTING IN PROGRESS","TESTING IN PROGRESS"]
[307,null,null,null,null,null,null,null,null,null,null,null,null,null,null,null,null,null,null,null,null,null,null,"TESTING IN PROGRESS","TESTING IN PROGRESS"]
[308,null,null,null,null,null,null,null,null,null,null,null,null,null,null,null,null,null,null,null,null,null,null,"TESTING IN PROGRESS","TESTING IN PROGRESS"]
[309,null,null,null,null,null,null,null,null,null,null,null,null,null,null,null,null,null,null,null,null,null,null,"TESTING IN PROGRESS","TESTING IN PROGRESS"]
[310,null,null,null,null,null,null,null,null,null,null,null,null,null,null,null,null,null,null,null,null,null,null,"TESTING IN PROGRESS","TESTING IN PROGRESS"]
[311,null,null,null,null,null,null,null,null,null,null,null,null,null,null,null,null,null,null,null,null,null,null,"TESTING IN PROGRESS","TESTING IN PROGRESS"]
[312,null,null,null,null,null,null,null,null,null,null,null,null,null,null,null,null,null,null,null,null,null,null,"TESTING IN PROGRESS","TESTING IN PROGRESS"]
[313,null,null,null,null,null,null,null,null,null,null,null,null,null,null,null,null,null,null,null,null,null,null,"TESTING IN PROGRESS","TESTING IN PROGRESS"]
[314,null,null,null,null,null,null,null,null,null,null,null,null,null,null,null,null,null,null,null,null,null,null,"TESTING IN PROGRESS","TESTING IN PROGRESS"]
[315,null,null,null,null,null,null,null,null,null,null,null,null,null,null,null,null,null,null,null,null,null,null,"TESTING IN PROGRESS","TESTING IN PROGRESS"]
[316,null,null,null,null,null,null,null,null,null,null,null,null,null,null,null,null,null,null,null,null,null,null,"TESTING IN PROGRESS","TESTING IN PROGRESS"]
[317,null,null,null,null,null,null,null,null,null,null,null,null,null,null,null,null,null,null,null,null,null,null,"TESTING IN PROGRESS","TESTING IN PROGRESS"]
[318,null,null,null,null,null,null,null,null,null,null,null,null,null,null,null,null,null,null,null,null,null,null,"TESTING IN PROGRESS","TESTING IN PROGRESS"]
[319,null,null,null,null,null,null,null,null,null,null,null,null,null,null,null,null,null,null,null,null,null,null,"TESTING IN PROGRESS","TESTING IN PROGRESS"]
[320,null,null,null,null,null,null,null,null,null,null,null,null,null,null,null,null,null,null,null,null,null,null,"TESTING IN PROGRESS","TESTING IN PROGRESS"]
[321,null,null,null,null,null,null,null,null,null,null,null,null,null,null,null,null,null,null,null,null,null,null,"TESTING IN PROGRESS","TESTING IN PROGRESS"]
[322,null,null,null,null,null,null,null,null,null,null,null,null,null,null,null,null,null,null,null,null,null,null,"TESTING IN PROGRESS","TESTING IN PROGRESS"]
[323,null,null,null,null,null,null,null,null,null,null,null,null,null,null,null,null,null,null,null,null,null,null,"TESTING IN PROGRESS","TESTING IN PROGRESS"]
[324,null,null,null,null,null,null,null,null,null,null,null,null,null,null,null,null,null,null,null,null,null,null,"TESTING IN PROGRESS","TESTING IN PROGRESS"]
[325,null,null,null,null,null,null,null,null,null,null,null,null,null,null,null,null,null,null,null,null,null,null,"TESTING IN PROGRESS","TESTING IN PROGRESS"]
[326,null,null,null,null,null,null,null,null,null,null,null,null,null,null,null,null,null,null,null,null,null,null,"TESTING IN PROGRESS","TESTING IN PROGRESS"]
[327,null,null,null,null,null,null,null,null,null,null,null,null,null,null,null,null,null,null,null,null,null,null,"TESTING IN PROGRESS","TESTING IN PROGRESS"]
[328,null,null,null,null,null,null,null,null,null,null,null,null,null,null,null,null,null,null,null,null,null,null,"TESTING IN PROGRESS","TESTING IN PROGRESS"]
[329,null,null,null,null,null,null,null,null,null,null,null,null,null,null,null,null,null,null,null,null,null,null,"TESTING IN PROGRESS","TESTING IN PROGRESS"]
[330,null,null,null,null,null,null,null,null,null,null,null,null,null,null,null,null,null,null,null,null,null,null,"TESTING IN PROGRESS","TESTING IN PROGRESS"]
[331,null,null,null,null,null,null,null,null,null,null,null,null,null,null,null,null,null,null,null,null,null,null,"TESTING IN PROGRESS","TESTING IN PROGRESS"]
[332,null,null,null,null,null,null,null,null,null,null,null,null,null,null,null,null,null,null,null,null,null,null,"TESTING IN PROGRESS","TESTING IN PROGRESS"]
[333,null,null,null,null,null,null,null,null,null,null,null,null,null,null,null,null,null,null,null,null,null,null,"TESTING IN PROGRESS","TESTING IN PROGRESS"]
[334,null,null,null,null,null,null,null,null,null,null,null,null,null,null,null,null,null,null,null,null,null,null,"TESTING IN PROGRESS","TESTING IN PROGRESS"]
[335,null,null,null,null,null,null,null,null,null,null,null,null,null,null,null,null,null,null,null,null,null,null,"TESTING IN PROGRESS","TESTING IN PROGRESS"]
[336,null,null,null,null,null,null,null,null,null,null,null,null,null,null,null,null,null,null,null,null,null,null,"TESTING IN PROGRESS","TESTING IN PROGRESS"]
[337,null,null,null,null,null,null,null,null,null,null,null,null,null,null,null,null,null,null,null,null,null,null,"TESTING IN PROGRESS","TESTING IN PROGRESS"]
[338,null,null,null,null,null,null,null,null,null,null,null,null,null,null,null,null,null,null,null,null,null,null,"TESTING IN PROGRESS","TESTING IN PROGRESS"]
[339,null,null,null,null,null,null,null,null,null,null,null,null,null,null,null,null,null,null,null,null,null,null,"TESTING IN PROGRESS","TESTING IN PROGRESS"]
[340,null,null,null,null,null,null,null,null,null,null,null,null,null,null,null,null,null,null,null,null,null,null,"TESTING IN PROGRESS","TESTING IN PROGRESS"]
[341,null,null,null,null,null,null,null,null,null,null,null,null,null,null,null,null,null,null,null,null,null,null,"TESTING IN PROGRESS","TESTING IN PROGRESS"]
[342,null,null,null,null,null,null,null,null,null,null,null,null,null,null,null,null,null,null,null,null,null,null,"TESTING IN PROGRESS","TESTING IN PROGRESS"]
[343,null,null,null,null,null,null,null,null,null,null,null,null,null,null,null,null,null,null,null,null,null,null,"TESTING IN PROGRESS","TESTING IN PROGRESS"]
[344,null,null,null,null,null,null,null,null,null,null,null,null,null,null,null,null,null,null,null,null,null,null,"TESTING IN PROGRESS","TESTING IN PROGRESS"]
[345,null,null,null,null,null,null,null,null,null,null,null,null,null,null,null,null,null,null,null,null,null,null,"TESTING IN PROGRESS","TESTING IN PROGRESS"]
[346,null,null,null,null,null,null,null,null,null,null,null,null,null,null,null,null,null,null,null,null,null,null,"TESTING IN PROGRESS","TESTING IN PROGRESS"]
[347,null,null,null,null,null,null,null,null,null,null,null,null,null,null,null,null,null,null,null,null,null,null,"TESTING IN PROGRESS","TESTING IN PROGRESS"]
[348,null,null,null,null,null,null,null,null,null,null,null,null,null,null,null,null,null,null,null,null,null,null,"TESTING IN PROGRESS","TESTING IN PROGRESS"]
[349,null,null,null,null,null,null,null,null,null,null,null,null,null,null,null,null,null,null,null,null,null,null,"TESTING IN PROGRESS","TESTING IN PROGRESS"]
[350,null,null,null,null,null,null,null,null,null,null,null,null,null,null,null,null,null,null,null,null,null,null,"TESTING IN PROGRESS","TESTING IN PROGRESS"]
[351,null,null,null,null,null,null,null,null,null,null,null,null,null,null,null,null,null,null,null,null,null,null,"TESTING IN PROGRESS","TESTING IN PROGRESS"]
[352,null,null,null,null,null,null,null,null,null,null,null,null,null,null,null,null,null,null,null,null,null,null,"TESTING IN PROGRESS","TESTING IN PROGRESS"]
[353,null,null,null,null,null,null,null,null,null,null,null,null,null,null,null,null,null,null,null,null,null,null,"TESTING IN PROGRESS","TESTING IN PROGRESS"]
[354,null,null,null,null,null,null,null,null,null,null,null,null,null,null,null,null,null,null,null,null,null,null,"TESTING IN PROGRESS","TESTING IN PROGRESS"]
[355,null,null,null,null,null,null,null,null,null,null,null,null,null,null,null,null,null,null,null,null,null,null,"TESTING IN PROGRESS","TESTING IN PROGRESS"]
[356,null,null,null,null,null,null,null,null,null,null,null,null,null,null,null,null,null,null,null,null,null,null,"TESTING IN PROGRESS","TESTING IN PROGRESS"]
[357,null,null,null,null,null,null,null,null,null,null,null,null,null,null,null,null,null,null,null,null,null,null,"TESTING IN PROGRESS","TESTING IN PROGRESS"]
[358,null,null,null,null,null,null,null,null,null,null,null,null,null,null,null,null,null,null,null,null,null,null,"TESTING IN PROGRESS","TESTING IN PROGRESS"]
[359,null,null,null,null,null,null,null,null,null,null,null,null,null,null,null,null,null,null,null,null,null,null,"TESTING IN PROGRESS","TESTING IN PROGRESS"]
[360,null,null,null,null,null,null,null,null,null,null,null,null,null,null,null,null,null,null,null,null,null,null,"TESTING IN PROGRESS","TESTING IN PROGRESS"]
[361,null,null,null,null,null,null,null,null,null,null,null,null,null,null,null,null,null,null,null,null,null,null,"TESTING IN PROGRESS","TESTING IN PROGRESS"]
[362,null,null,null,null,null,null,null,null,null,null,null,null,null,null,null,null,null,null,null,null,null,null,"TESTING IN PROGRESS","TESTING IN PROGRESS"]
[363,null,null,null,null,null,null,null,null,null,null,null,null,null,null,null,null,null,null,null,null,null,null,"TESTING IN PROGRESS","TESTING IN PROGRESS"]
[364,null,null,null,null,null,null,null,null,null,null,null,null,null,null,null,null,null,null,null,null,null,null,"TESTING IN PROGRESS","TESTING IN PROGRESS"]
[365,null,null,null,null,null,null,null,null,null,null,null,null,null,null,null,null,null,null,null,null,null,null,"TESTING IN PROGRESS","TESTING IN PROGRESS"]
[366,null,null,null,null,null,null,null,null,null,null,null,null,null,null,null,null,null,null,null,null,null,null,"TESTING IN PROGRESS","TESTING IN PROGRESS"]
[367,null,null,null,null,null,null,null,null,null,null,null,null,null,null,null,null,null,null,null,null,null,null,"TESTING IN PROGRESS","TESTING IN PROGRESS"]
[368,null,null,null,null,null,null,null,null,null,null,null,null,null,null,null,null,null,null,null,null,null,null,"TESTING IN PROGRESS","TESTING IN PROGRESS"]
[369,null,null,null,null,null,null,null,null,null,null,null,null,null,null,null,null,null,null,null,null,null,null,"TESTING IN PROGRESS","TESTING IN PROGRESS"]
[370,null,null,null,null,null,null,null,null,null,null,null,null,null,null,null,null,null,null,null,null,null,null,"TESTING IN PROGRESS","TESTING IN PROGRESS"]
[371,null,null,null,null,null,null,null,null,null,null,null,null,null,null,null,null,null,null,null,null,null,null,"TESTING IN PROGRESS","TESTING IN PROGRESS"]
[372,null,null,null,null,null,null,null,null,null,null,null,null,null,null,null,null,null,null,null,null,null,null,"TESTING IN PROGRESS","TESTING IN PROGRESS"]
[373,null,null,null,null,null,null,null,null,null,null,null,null,null,null,null,null,null,null,null,null,null,null,"TESTING IN PROGRESS","TESTING IN PROGRESS"]
[374,null,null,null,null,null,null,null,null,null,null,null,null,null,null,null,null,null,null,null,null,null,null,"TESTING IN PROGRESS","TESTING IN PROGRESS"]
[375,null,null,null,null,null,null,null,null,null,null,null,null,null,null,null,null,null,null,null,null,null,null,"TESTING IN PROGRESS","TESTING IN PROGRESS"]
[376,null,null,null,null,null,null,null,null,null,null,null,null,null,null,null,null,null,null,null,null,null,null,"TESTING IN PROGRESS","TESTING IN PROGRESS"]
[377,null,null,null,null,null,null,null,null,null,null,null,null,null,null,null,null,null,null,null,null,null,null,"TESTING IN PROGRESS","TESTING IN PROGRESS"]
[378,null,null,null,null,null,null,null,null,null,null,null,null,null,null,null,null,null,null,null,null,null,null,"TESTING IN PROGRESS","TESTING IN PROGRESS"]
[379,null,null,null,null,null,null,null,null,null,null,null,null,null,null,null,null,null,null,null,null,null,null,"TESTING IN PROGRESS","TESTING IN PROGRESS"]
[380,null,null,null,null,null,null,null,null,null,null,null,null,null,null,null,null,null,null,null,null,null,null,"TESTING IN PROGRESS","TESTING IN PROGRESS"]
[381,null,null,null,null,null,null,null,null,null,null,null,null,null,null,null,null,null,null,null,null,null,null,"TESTING IN PROGRESS","TESTING IN PROGRESS"]
[382,null,null,null,null,null,null,null,null,null,null,null,null,null,null,null,null,null,null,null,null,null,null,"TESTING IN PROGRESS","TESTING IN PROGRESS"]
[383,null,null,null,null,null,null,null,null,null,null,null,null,null,null,null,null,null,null,null,null,null,null,"TESTING IN PROGRESS","TESTING IN PROGRESS"]
[384,null,null,null,null,null,null,null,null,null,null,null,null,null,null,null,null,null,null,null,null,null,null,"TESTING IN PROGRESS","TESTING IN PROGRESS"]
[385,null,null,null,null,null,null,null,null,null,null,null,null,null,null,null,null,null,null,null,null,null,null,"TESTING IN PROGRESS","TESTING IN PROGRESS"]
[386,null,null,null,null,null,null,null,null,null,null,null,null,null,null,null,null,null,null,null,null,null,null,"TESTING IN PROGRESS","TESTING IN PROGRESS"]
[387,null,null,null,null,null,null,null,null,null,null,null,null,null,null,null,null,null,null,null,null,null,null,"TESTING IN PROGRESS","TESTING IN PROGRESS"]
[388,null,null,null,null,null,null,null,null,null,null,null,null,null,null,null,null,null,null,null,null,null,null,"TESTING IN PROGRESS","TESTING IN PROGRESS"]
[389,null,null,null,null,null,null,null,null,null,null,null,null,null,null,null,null,null,null,null,null,null,null,"TESTING IN PROGRESS","TESTING IN PROGRESS"]
[390,null,null,null,null,null,null,null,null,null,null,null,null,null,null,null,null,null,null,null,null,null,null,"TESTING IN PROGRESS","TESTING IN PROGRESS"]
[391,null,null,null,null,null,null,null,null,null,null,null,null,null,null,null,null,null,null,null,null,null,null,"TESTING IN PROGRESS","TESTING IN PROGRESS"]
[392,null,null,null,null,null,null,null,null,null,null,null,null,null,null,null,null,null,null,null,null,null,null,"TESTING IN PROGRESS","TESTING IN PROGRESS"]
[393,null,null,null,null,null,null,null,null,null,null,null,null,null,null,null,null,null,null,null,null,null,null,"TESTING IN PROGRESS","TESTING IN PROGRESS"]
[394,null,null,null,null,null,null,null,null,null,null,null,null,null,null,null,null,null,null,null,null,null,null,"TESTING IN PROGRESS","TESTING IN PROGRESS"]
[395,null,null,null,null,null,null,null,null,null,null,null,null,null,null,null,null,null,null,null,null,null,null,"TESTING IN PROGRESS","TESTING IN PROGRESS"]
[396,null,null,null,null,null,null,null,null,null,null,null,null,null,null,null,null,null,null,null,null,null,null,"TESTING IN PROGRESS","TESTING IN PROGRESS"]
[397,null,null,null,null,null,null,null,null,null,null,null,null,null,null,null,null,null,null,null,null,null,null,"TESTING IN PROGRESS","TESTING IN PROGRESS"]
[398,null,null,null,null,null,null,null,null,null,null,null,null,null,null,null,null,null,null,null,null,null,null,"TESTING IN PROGRESS","TESTING IN PROGRESS"]
[399,null,null,null,null,null,null,null,null,null,null,null,null,null,null,null,null,null,null,null,null,null,null,"TESTING IN PROGRESS","TESTING IN PROGRESS"]
[400,null,null,null,null,null,null,null,null,null,null,null,null,null,null,null,null,null,null,null,null,null,null,"TESTING IN PROGRESS","TESTING IN PROGRESS"]
[401,null,null,null,null,null,null,null,null,null,null,null,null,null,null,null,null,null,null,null,null,null,null,"TESTING IN PROGRESS","TESTING IN PROGRESS"]
[402,null,null,null,null,null,null,null,null,null,null,null,null,null,null,null,null,null,null,null,null,null,null,"TESTING IN PROGRESS","TESTING IN PROGRESS"]
[403,null,null,null,null,null,null,null,null,null,null,null,null,null,null,null,null,null,null,null,null,null,null,"TESTING IN PROGRESS","TESTING IN PROGRESS"]
[404,null,null,null,null,null,null,null,null,null,null,null,null,null,null,null,null,null,null,null,null,null,null,"TESTING IN PROGRESS","TESTING IN PROGRESS"]
[405,null,null,null,null,null,null,null,null,null,null,null,null,null,null,null,null,null,null,null,null,null,null,"TESTING IN PROGRESS","TESTING IN PROGRESS"]
[406,null,null,null,null,null,null,null,null,null,null,null,null,null,null,null,null,null,null,null,null,null,null,"TESTING IN PROGRESS","TESTING IN PROGRESS"]
[407,null,null,null,null,null,null,null,null,null,null,null,null,null,null,null,null,null,null,null,null,null,null,"TESTING IN PROGRESS","TESTING IN PROGRESS"]
[408,null,null,null,null,null,null,null,null,null,null,null,null,null,null,null,null,null,null,null,null,null,null,"TESTING IN PROGRESS","TESTING IN PROGRESS"]
[409,null,null,null,null,null,null,null,null,null,null,null,null,null,null,null,null,null,null,null,null,null,null,"TESTING IN PROGRESS","TESTING IN PROGRESS"]
[410,null,null,null,null,null,null,null,null,null,null,null,null,null,null,null,null,null,null,null,null,null,null,"TESTING IN PROGRESS","TESTING IN PROGRESS"]
[411,null,null,null,null,null,null,null,null,null,null,null,null,null,null,null,null,null,null,null,null,null,null,"TESTING IN PROGRESS","TESTING IN PROGRESS"]
[412,null,null,null,null,null,null,null,null,null,null,null,null,null,null,null,null,null,null,null,null,null,null,"TESTING IN PROGRESS","TESTING IN PROGRESS"]
[413,null,null,null,null,null,null,null,null,null,null,null,null,null,null,null,null,null,null,null,null,null,null,"TESTING IN PROGRESS","TESTING IN PROGRESS"]
[414,null,null,null,null,null,null,null,null,null,null,null,null,null,null,null,null,null,null,null,null,null,null,"TESTING IN PROGRESS","TESTING IN PROGRESS"]
[415,null,null,null,null,null,null,null,null,null,null,null,null,null,null,null,null,null,null,null,null,null,null,"TESTING IN PROGRESS","TESTING IN PROGRESS"]
[416,null,null,null,null,null,null,null,null,null,null,null,null,null,null,null,null,null,null,null,null,null,null,"TESTING IN PROGRESS","TESTING IN PROGRESS"]
[417,null,null,null,null,null,null,null,null,null,null,null,null,null,null,null,null,null,null,null,null,null,null,"TESTING IN PROGRESS","TESTING IN PROGRESS"]
[418,null,null,null,null,null,null,null,null,null,null,null,null,null,null,null,null,null,null,null,null,null,null,"TESTING IN PROGRESS","TESTING IN PROGRESS"]
[419,null,null,null,null,null,null,null,null,null,null,null,null,null,null,null,null,null,null,null,null,null,null,"TESTING IN PROGRESS","TESTING IN PROGRESS"]
[420,null,null,null,null,null,null,null,null,null,null,null,null,null,null,null,null,null,null,null,null,null,null,"TESTING IN PROGRESS","TESTING IN PROGRESS"]
[421,null,null,null,null,null,null,null,null,null,null,null,null,null,null,null,null,null,null,null,null,null,null,"TESTING IN PROGRESS","TESTING IN PROGRESS"]
[422,null,null,null,null,null,null,null,null,null,null,null,null,null,null,null,null,null,null,null,null,null,null,"TESTING IN PROGRESS","TESTING IN PROGRESS"]
[423,null,null,null,null,null,null,null,null,null,null,null,null,null,null,null,null,null,null,null,null,null,null,"TESTING IN PROGRESS","TESTING IN PROGRESS"]
[424,null,null,null,null,null,null,null,null,null,null,null,null,null,null,null,null,null,null,null,null,null,null,"TESTING IN PROGRESS","TESTING IN PROGRESS"]
[425,null,null,null,null,null,null,null,null,null,null,null,null,null,null,null,null,null,null,null,null,null,null,"TESTING IN PROGRESS","TESTING IN PROGRESS"]
[426,null,null,null,null,null,null,null,null,null,null,null,null,null,null,null,null,null,null,null,null,null,null,"TESTING IN PROGRESS","TESTING IN PROGRESS"]
[427,null,null,null,null,null,null,null,null,null,null,null,null,null,null,null,null,null,null,null,null,null,null,"TESTING IN PROGRESS","TESTING IN PROGRESS"]
[428,null,null,null,null,null,null,null,null,null,null,null,null,null,null,null,null,null,null,null,null,null,null,"TESTING IN PROGRESS","TESTING IN PROGRESS"]
[429,null,null,null,null,null,null,null,null,null,null,null,null,null,null,null,null,null,null,null,null,null,null,"TESTING IN PROGRESS","TESTING IN PROGRESS"]
[430,null,null,null,null,null,null,null,null,null,null,null,null,null,null,null,null,null,null,null,null,null,null,"TESTING IN PROGRESS","TESTING IN PROGRESS"]
[431,null,null,null,null,null,null,null,null,null,null,null,null,null,null,null,null,null,null,null,null,null,null,"TESTING IN PROGRESS","TESTING IN PROGRESS"]
[432,null,null,null,null,null,null,null,null,null,null,null,null,null,null,null,null,null,null,null,null,null,null,"TESTING IN PROGRESS","TESTING IN PROGRESS"]
[433,null,null,null,null,null,null,null,null,null,null,null,null,null,null,null,null,null,null,null,null,null,null,"TESTING IN PROGRESS","TESTING IN PROGRESS"]
[434,null,null,null,null,null,null,null,null,null,null,null,null,null,null,null,null,null,null,null,null,null,null,"TESTING IN PROGRESS","TESTING IN PROGRESS"]
[435,null,null,null,null,null,null,null,null,null,null,null,null,null,null,null,null,null,null,null,null,null,null,"TESTING IN PROGRESS","TESTING IN PROGRESS"]
[436,null,null,null,null,null,null,null,null,null,null,null,null,null,null,null,null,null,null,null,null,null,null,"TESTING IN PROGRESS","TESTING IN PROGRESS"]
[437,null,null,null,null,null,null,null,null,null,null,null,null,null,null,null,null,null,null,null,null,null,null,"TESTING IN PROGRESS","TESTING IN PROGRESS"]
[438,null,null,null,null,null,null,null,null,null,null,null,null,null,null,null,null,null,null,null,null,null,null,"TESTING IN PROGRESS","TESTING IN PROGRESS"]
[439,null,null,null,null,null,null,null,null,null,null,null,null,null,null,null,null,null,null,null,null,null,null,"TESTING IN PROGRESS","TESTING IN PROGRESS"]
[440,null,null,null,null,null,null,null,null,null,null,null,null,null,null,null,null,null,null,null,null,null,null,"TESTING IN PROGRESS","TESTING IN PROGRESS"]
[441,null,null,null,null,null,null,null,null,null,null,null,null,null,null,null,null,null,null,null,null,null,null,"TESTING IN PROGRESS","TESTING IN PROGRESS"]
[442,null,null,null,null,null,null,null,null,null,null,null,null,null,null,null,null,null,null,null,null,null,null,"TESTING IN PROGRESS","TESTING IN PROGRESS"]
[443,null,null,null,null,null,null,null,null,null,null,null,null,null,null,null,null,null,null,null,null,null,null,"TESTING IN PROGRESS","TESTING IN PROGRESS"]
[444,null,null,null,null,null,null,null,null,null,null,null,null,null,null,null,null,null,null,null,null,null,null,"TESTING IN PROGRESS","TESTING IN PROGRESS"]
[445,null,null,null,null,null,null,null,null,null,null,null,null,null,null,null,null,null,null,null,null,null,null,"TESTING IN PROGRESS","TESTING IN PROGRESS"]
[446,null,null,null,null,null,null,null,null,null,null,null,null,null,null,null,null,null,null,null,null,null,null,"TESTING IN PROGRESS","TESTING IN PROGRESS"]
[447,null,null,null,null,null,null,null,null,null,null,null,null,null,null,null,null,null,null,null,null,null,null,"TESTING IN PROGRESS","TESTING IN PROGRESS"]
[448,null,null,null,null,null,null,null,null,null,null,null,null,null,null,null,null,null,null,null,null,null,null,"TESTING IN PROGRESS","TESTING IN PROGRESS"]
[449,null,null,null,null,null,null,null,null,null,null,null,null,null,null,null,null,null,null,null,null,null,null,"TESTING IN PROGRESS","TESTING IN PROGRESS"]
[450,null,null,null,null,null,null,null,null,null,null,null,null,null,null,null,null,null,null,null,null,null,null,"TESTING IN PROGRESS","TESTING IN PROGRESS"]
[451,null,null,null,null,null,null,null,null,null,null,null,null,null,null,null,null,null,null,null,null,null,null,"TESTING IN PROGRESS","TESTING IN PROGRESS"]
[452,null,null,null,null,null,null,null,null,null,null,null,null,null,null,null,null,null,null,null,null,null,null,"TESTING IN PROGRESS","TESTING IN PROGRESS"]
[453,null,null,null,null,null,null,null,null,null,null,null,null,null,null,null,null,null,null,null,null,null,null,"TESTING IN PROGRESS","TESTING IN PROGRESS"]
[454,null,null,null,null,null,null,null,null,null,null,null,null,null,null,null,null,null,null,null,null,null,null,"TESTING IN PROGRESS","TESTING IN PROGRESS"]
[455,null,null,null,null,null,null,null,null,null,null,null,null,null,null,null,null,null,null,null,null,null,null,"TESTING IN PROGRESS","TESTING IN PROGRESS"]
[456,null,null,null,null,null,null,null,null,null,null,null,null,null,null,null,null,null,null,null,null,null,null,"TESTING IN PROGRESS","TESTING IN PROGRESS"]
[457,null,null,null,null,null,null,null,null,null,null,null,null,null,null,null,null,null,null,null,null,null,null,"TESTING IN PROGRESS","TESTING IN PROGRESS"]
[458,null,null,null,null,null,null,null,null,null,null,null,null,null,null,null,null,null,null,null,null,null,null,"TESTING IN PROGRESS","TESTING IN PROGRESS"]
[459,null,null,null,null,null,null,null,null,null,null,null,null,null,null,null,null,null,null,null,null,null,null,"TESTING IN PROGRESS","TESTING IN PROGRESS"]
[460,null,null,null,null,null,null,null,null,null,null,null,null,null,null,null,null,null,null,null,null,null,null,"TESTING IN PROGRESS","TESTING IN PROGRESS"]
[461,null,null,null,null,null,null,null,null,null,null,null,null,null,null,null,null,null,null,null,null,null,null,"TESTING IN PROGRESS","TESTING IN PROGRESS"]
[462,null,null,null,null,null,null,null,null,null,null,null,null,null,null,null,null,null,null,null,null,null,null,"TESTING IN PROGRESS","TESTING IN PROGRESS"]
[463,null,null,null,null,null,null,null,null,null,null,null,null,null,null,null,null,null,null,null,null,null,null,"TESTING IN PROGRESS","TESTING IN PROGRESS"]
[464,null,null,null,null,null,null,null,null,null,null,null,null,null,null,null,null,null,null,null,null,null,null,"TESTING IN PROGRESS","TESTING IN PROGRESS"]
[465,null,null,null,null,null,null,null,null,null,null,null,null,null,null,null,null,null,null,null,null,null,null,"TESTING IN PROGRESS","TESTING IN PROGRESS"]
[466,null,null,null,null,null,null,null,null,null,null,null,null,null,null,null,null,null,null,null,null,null,null,"TESTING IN PROGRESS","TESTING IN PROGRESS"]
[467,null,null,null,null,null,null,null,null,null,null,null,null,null,null,null,null,null,null,null,null,null,null,"TESTING IN PROGRESS","TESTING IN PROGRESS"]
[468,null,null,null,null,null,null,null,null,null,null,null,null,null,null,null,null,null,null,null,null,null,null,"TESTING IN PROGRESS","TESTING IN PROGRESS"]
[469,null,null,null,null,null,null,null,null,null,null,null,null,null,null,null,null,null,null,null,null,null,null,"TESTING IN PROGRESS","TESTING IN PROGRESS"]
[470,null,null,null,null,null,null,null,null,null,null,null,null,null,null,null,null,null,null,null,null,null,null,"TESTING IN PROGRESS","TESTING IN PROGRESS"]
[471,null,null,null,null,null,null,null,null,null,null,null,null,null,null,null,null,null,null,null,null,null,null,"TESTING IN PROGRESS","TESTING IN PROGRESS"]
[472,null,null,null,null,null,null,null,null,null,null,null,null,null,null,null,null,null,null,null,null,null,null,"TESTING IN PROGRESS","TESTING IN PROGRESS"]
[473,null,null,null,null,null,null,null,null,null,null,null,null,null,null,null,null,null,null,null,null,null,null,"TESTING IN PROGRESS","TESTING IN PROGRESS"]
[474,null,null,null,null,null,null,null,null,null,null,null,null,null,null,null,null,null,null,null,null,null,null,"TESTING IN PROGRESS","TESTING IN PROGRESS"]
[475,null,null,null,null,null,null,null,null,null,null,null,null,null,null,null,null,null,null,null,null,null,null,"TESTING IN PROGRESS","TESTING IN PROGRESS"]
[476,null,null,null,null,null,null,null,null,null,null,null,null,null,null,null,null,null,null,null,null,null,null,"TESTING IN PROGRESS","TESTING IN PROGRESS"]
[477,null,null,null,null,null,null,null,null,null,null,null,null,null,null,null,null,null,null,null,null,null,null,"TESTING IN PROGRESS","TESTING IN PROGRESS"]
[478,null,null,null,null,null,null,null,null,null,null,null,null,null,null,null,null,null,null,null,null,null,null,"TESTING IN PROGRESS","TESTING IN PROGRESS"]
[479,null,null,null,null,null,null,null,null,null,null,null,null,null,null,null,null,null,null,null,null,null,null,"TESTING IN PROGRESS","TESTING IN PROGRESS"]
[480,null,null,null,null,null,null,null,null,null,null,null,null,null,null,null,null,null,null,null,null,null,null,"TESTING IN PROGRESS","TESTING IN PROGRESS"]
[481,null,null,null,null,null,null,null,null,null,null,null,null,null,null,null,null,null,null,null,null,null,null,"TESTING IN PROGRESS","TESTING IN PROGRESS"]
[482,null,null,null,null,null,null,null,null,null,null,null,null,null,null,null,null,null,null,null,null,null,null,"TESTING IN PROGRESS","TESTING IN PROGRESS"]
[483,null,null,null,null,null,null,null,null,null,null,null,null,null,null,null,null,null,null,null,null,null,null,"TESTING IN PROGRESS","TESTING IN PROGRESS"]
[484,null,null,null,null,null,null,null,null,null,null,null,null,null,null,null,null,null,null,null,null,null,null,"TESTING IN PROGRESS","TESTING IN PROGRESS"]
[485,null,null,null,null,null,null,null,null,null,null,null,null,null,null,null,null,null,null,null,null,null,null,"TESTING IN PROGRESS","TESTING IN PROGRESS"]
[486,null,null,null,null,null,null,null,null,null,null,null,null,null,null,null,null,null,null,null,null,null,null,"TESTING IN PROGRESS","TESTING IN PROGRESS"]
[487,null,null,null,null,null,null,null,null,null,null,null,null,null,null,null,null,null,null,null,null,null,null,"TESTING IN PROGRESS","TESTING IN PROGRESS"]
[488,null,null,null,null,null,null,null,null,null,null,null,null,null,null,null,null,null,null,null,null,null,null,"TESTING IN PROGRESS","TESTING IN PROGRESS"]
[489,null,null,null,null,null,null,null,null,null,null,null,null,null,null,null,null,null,null,null,null,null,null,"TESTING IN PROGRESS","TESTING IN PROGRESS"]
[490,null,null,null,null,null,null,null,null,null,null,null,null,null,null,null,null,null,null,null,null,null,null,"TESTING IN PROGRESS","TESTING IN PROGRESS"]
[491,null,null,null,null,null,null,null,null,null,null,null,null,null,null,null,null,null,null,null,null,null,null,"TESTING IN PROGRESS","TESTING IN PROGRESS"]
[492,null,null,null,null,null,null,null,null,null,null,null,null,null,null,null,null,null,null,null,null,null,null,"TESTING IN PROGRESS","TESTING IN PROGRESS"]
[493,null,null,null,null,null,null,null,null,null,null,null,null,null,null,null,null,null,null,null,null,null,null,"TESTING IN PROGRESS","TESTING IN PROGRESS"]
[494,null,null,null,null,null,null,null,null,null,null,null,null,null,null,null,null,null,null,null,null,null,null,"TESTING IN PROGRESS","TESTING IN PROGRESS"]
[495,null,null,null,null,null,null,null,null,null,null,null,null,null,null,null,null,null,null,null,null,null,null,"TESTING IN PROGRESS","TESTING IN PROGRESS"]
[496,null,null,null,null,null,null,null,null,null,null,null,null,null,null,null,null,null,null,null,null,null,null,"TESTING IN PROGRESS","TESTING IN PROGRESS"]
[497,null,null,null,null,null,null,null,null,null,null,null,null,null,null,null,null,null,null,null,null,null,null,"TESTING IN PROGRESS","TESTING IN PROGRESS"]
[498,null,null,null,null,null,null,null,null,null,null,null,null,null,null,null,null,null,null,null,null,null,null,"TESTING IN PROGRESS","TESTING IN PROGRESS"]
[499,null,null,null,null,null,null,null,null,null,null,null,null,null,null,null,null,null,null,null,null,null,null,"TESTING IN PROGRESS","TESTING IN PROGRESS"]
[500,null,null,null,null,null,null,null,null,null,null,null,null,null,null,null,null,null,null,null,null,null,null,"TESTING IN PROGRESS","TESTING IN PROGRESS"]

{"sheet":"Models_Not_Tested","index":3,"n_rows":108,"n_cols":18,"rows_kept":108,"cut":false,"hidden":false,"merged":[[112,1,116,7],[5,1,5,9],[5,10,5,14],[5,15,5,16],[0,1,0,6],[3,1,3,6],[2,2,2,3]]}
[null,"ENERGY STAR® Verification Testing Summary Report - List of Models Selected for Verification Testing That Will Not Be Tested "]
[]
[null,"Name of CB:",{"$f":"IF(ISBLANK(Completed_Testing!C3),\"\",Completed_Testing!C3)","v":""},null,null,null,"Verification Testing Period Covered:",null,{"$f":"IF(ISBLANK(Completed_Testing!I3),\"\",Completed_Testing!I3)","v":""},{"$f":"IF(ISBLANK(Completed_Testing!J3),\"\",Completed_Testing!J3)","v":""}]
[null,"This tab is for reporting models that were selected for verification (EPA nominated and CB-selected), but the model cannot be tested. Models may be listed here if they are not available in commerce in the U.S., if the model or a family model was already tested in the previous year, if EPA approved testing an alternate model, or other reasons. If a model is nominated for verification and not tested, CBs should list a replacement model in Columns L and M, or explain why a replacement was not tested. Models that have been procured or are in progress for testing should be reported on the In_Progress Tab."]
[null,"Please note upon selecting a product specification, all cells highlighted in yellow MUST be filled out OR you may provide a reason for the omission in the \"Additional Notes\" column (column R)."]
[null,"Model Information",null,null,null,null,null,null,null,null,"Selection and Procurement",null,null,null,null,"Testing Information"]
["Submission Number","Product Specification","Product Type","ENERGY STAR Manufacturing Partner","Brand Name","ENERGY STAR Model Identifier","Certified Model Name ","Certified Model Number ","Tested Model Name","Tested Model Number","VT Requirement Year","Selection Method","If method of selection is other, provide explanation","Certified Model Name Selected as Replacement","Certified Model Number Selected as Replacement","Reason Model Was Not Tested","If reason model was not tested is \"Other,\" provide explanation","Additional notes"]
[1]
[2]
[3]
[4]
[5]
[6]
[7]
[8]
[9]
[10]
[11]
[12]
[13]
[14]
[15]
[16]
[17]
[18]
[19]
[20]
[21]
[22]
[23]
[24]
[25]
[26]
[27]
[28]
[29]
[30]
[31]
[32]
[33]
[34]
[35]
[36]
[37]
[38]
[39]
[40]
[41]
[42]
[43]
[44]
[45]
[46]
[47]
[48]
[49]
[50]
[51]
[52]
[53]
[54]
[55]
[56]
[57]
[58]
[59]
[60]
[61]
[62]
[63]
[64]
[65]
[66]
[67]
[68]
[69]
[70]
[71]
[72]
[73]
[74]
[75]
[76]
[77]
[78]
[79]
[80]
[81]
[82]
[83]
[84]
[85]
[86]
[87]
[88]
[89]
[90]
[91]
[92]
[93]
[94]
[95]
[96]
[97]
[98]
[99]
[100]
[101]

{"sheet":"Validlists","index":4,"n_rows":36,"n_cols":51,"rows_kept":36,"cut":false,"hidden":true,"merged":[]}
["ValidLists Info: "]
[]
["All Products"]
["Reporting Period","January 1 - June 30, ","July 1 - December 31, ",{"$f":"YEAR(TODAY())-1","v":2020},{"$f":"YEAR(TODAY())","v":2021},{"$f":"YEAR(TODAY())+1","v":2022}]
[]
["  Product Category\n (for reference)","Audio/Video","Boilers","Ceiling Fans","CAC ASHP","Clothes Dryers","Clothes Washers","Commercial Boilers","Commercial Coffee Brewers","Commercial Dishwashers","Commercial Fryers","Commercial Griddles","Commercial Hot Food Holding Cabinets","Commercial Ice Machines","Commercial Ovens","Commercial Refrigerators and Freezers","Commercial Steam Cookers","Commercial Water Heaters","Computers","Connected Thermostats","Data Center Storage","Decorative Light Strings","Dehumidifiers","Dishwashers","Displays","Electric Vehicle Supply Equipment","Enterprise Servers","Furnaces","Geothermal Heat Pumps","Imaging Equipment","Lab Grade Refrigerators and Freezers","Lamps","Large Network Equipment","Light Commercial HVAC","Luminaires","Pool Pumps","Refrigerators and Freezers","Roof Products","Room Air Cleaners and Purifiers","Room Air Conditioners","Set-top Boxes and Cable Boxes","Small Networking Equipment","Storm Windows","Telephony","Televisions","Uninterruptible Power Supplies","Vending Machines","Ventilating Fans","Water Coolers","Water Heaters","Windows, Doors, and Skylights"]
["  Product Category for Verification Testing","Audio/Video","Boilers","Ceiling Fans","CAC ASHP","Clothes Dryers","Clothes Washers","Commercial Boilers","Commercial Coffee Brewers","Commercial Dishwashers","Commercial Fryers","Commercial Griddles","Commercial Hot Food Holding Cabinets","Commercial Ice Machines","Commercial Ovens","Commercial Refrigerators and Freezers","Commercial Steam Cookers","Commercial Water Heaters","Computers","Connected Thermostats","Data Center Storage","Decorative Light Strings","Dehumidifiers","Dishwashers","Displays","Electric Vehicle Supply Equipment","Enterprise Servers","Furnaces","Geothermal Heat Pumps","Imaging Equipment","Lab Grade Refrigerators and Freezers","Lamps","Large Network Equipment","Light Commercial HVAC","Luminaires","Pool Pumps","Refrigerators and Freezers","Roof Products","Room Air Cleaners and Purifiers","Room Air Conditioners","Set-top Boxes and Cable Boxes","Small Networking Equipment","Storm Windows","Telephony","Televisions","Uninterruptible Power Supplies","Vending Machines","Ventilating Fans","Water Coolers","Water Heaters","Windows, Doors, and Skylights"]
[null,null,null,null,null,null,null,null,null,null,null,null,null,null,null,null,null,null,null,null,null,null,null,null,null,null,null,null,null,null,null,null,null,null,null,null,null,null,null,null,null,null,null,null,null,null,null,"Removed \"No Category\", CFL, ILL, and changed to Water Heater-Non-Solar and Water Heater-Solar. Added UPS. Added ILL, Pool Pumps, CWH, Data Center Storage, SNE"]
["Product Status "]
["Yes No","Y","N","N/A"]
["CB count",1,2,3,4,5,6,7,8,9,10,11,12,13,14,15,16,17,18,19,20,21,22,23,24,25,26,27]
["Name of CB","Advanced Compliance Solutions, Inc.","Air-Conditioning, Heating, and Refrigeration Institute (AHRI)","AMCA International, Inc.","American Certification Body, Inc. (ACB, Inc.)","Applied Research Laboratories of South Florida, LLC","Association of Home Appliance Manufacturers (AHAM)","Bay Area Compliance Laboratories Corp. (BACL)","BEST CB LLC","China Quality Certification Center","Cool Roof Rating Council (CRRC)","CSA International","Bureau Veritas Consumer Products Services, Inc. (BVCPS)","Home Ventilating Institute (HVI)","IAPMO Ventures dba IAPMO EGS","ICC Evaluation Service, LLC","Intertek Testing Services NA Inc","Keystone Certifications, Inc.","MET Laboratories, Inc.","National Accreditation & Management Institute, Inc. (NAMI)","National Fenestration Rating Council (NFRC)","Nemko North America, Inc.","NSF International","Solar Rating and Certification Corporation (SRCC)","SGS North America Inc.","TUV Rheinland of North America, Inc.","TUV SUD America, Inc.","UL Verification Services Inc."]
[]
["Verification Testing Result","Passed; met specification requirements","Passed; 1 or more requirement within 5% specification requirement","Failed; reported to EPA"]
[]
["Where unit was obtained","Off-the-shelf (Retail store)","Off-the-shelf (Online)","Warehouse or other distribution center","Off-the-Line (from manufacturing facility); provide reason","Other; provide reason","N/A"]
["Reasons why unit was obtained off-the-line (from manufacturing facility)","Eligible Product Category-Commercial Food Service","Eligible Product Category-Imaging Equipment with speed greater than 50 ipm ","Eligible Product Category-Servers","Eligible Product Category-Workstations","Eligible Product Category-Light Commercial HVAC","Other; confirmed with EPA","N/A"]
[]
["Reasons not tested","Identical model or model from same family was tested by a CB in the previous year.","Alternative model chosen due to production schedule. (Note, only allowed for product categories eligible for off-the-line testing.)","Model is not available in commerce in the U.S. and another model from the manufacturer was selected.","Model is not available in commerce in the U.S. and another model from the manufacturer could not be selected. Please provide explanation.","Other - provide explanation."]
[]
["How model was selected","EPA-nominated","Alternate family model of EPA-nominated model","Selected by CB","Other - provide explanation"]
[]
["Do the tested models listed below complete the annual 10% verification testing requirement for 2014?","YES","NO"]
[]
["Initial or Liftetime Testing","Initial Testing Completed","Initial and Life Testing Completed","No Lifetime Testing Required"]
[]
["Initial or Liftetime Testing In Progress","Initial Testing In Progress/ Not Yet Procured","Initial Testing Completed In Previous Reporting Period and Life Testing In Progress","No Lifetime Testing Required"]
[]
["Procurement Status","Partner Contacted","Partner Reported Unresponsive","Product En Route to Lab","Testing in Progress","Other- provide explanation in Notes (column Z)"]
[]
["Reason Model Was Not Tested","Model is not available in commerce in the U.S. ","Another model from the manufacturer was selected","Per Directive #2011-06, EPA permits off-the-line testing and an alternative model was selected due to the model's availability.","Same model or family model was tested in the previous year.","No replacement needed (approved by EPA)","Other; Please provide explanation"]
[]
[]
[]
[]
["Last updated date:","2021-04-22"]